Last updated on 2025-02-22 00:49:57 CET.
Flavor | Version | Tinstall | Tcheck | Ttotal | Status | Flags |
---|---|---|---|---|---|---|
r-devel-linux-x86_64-debian-clang | 5.0.0 | 22.00 | 151.41 | 173.41 | NOTE | |
r-devel-linux-x86_64-debian-gcc | 5.0.0 | 14.64 | 101.87 | 116.51 | NOTE | |
r-devel-linux-x86_64-fedora-clang | 5.0.0 | 290.26 | NOTE | |||
r-devel-linux-x86_64-fedora-gcc | 5.0.0 | 273.26 | NOTE | |||
r-devel-macos-arm64 | 5.0.0 | 74.00 | OK | |||
r-devel-macos-x86_64 | 5.0.0 | 153.00 | NOTE | |||
r-devel-windows-x86_64 | 5.0.0 | 22.00 | 157.00 | 179.00 | NOTE | |
r-patched-linux-x86_64 | 5.0.0 | 19.59 | 137.07 | 156.66 | OK | |
r-release-linux-x86_64 | 5.0.0 | 19.87 | 137.44 | 157.31 | OK | |
r-release-macos-arm64 | 5.0.0 | 84.00 | OK | |||
r-release-macos-x86_64 | 5.0.0 | 135.00 | OK | |||
r-release-windows-x86_64 | 5.0.0 | 22.00 | 150.00 | 172.00 | OK | |
r-oldrel-macos-arm64 | 5.0.0 | 78.00 | OK | |||
r-oldrel-macos-x86_64 | 5.0.0 | 142.00 | OK | |||
r-oldrel-windows-x86_64 | 5.0.0 | 31.00 | 183.00 | 214.00 | OK |
Version: 5.0.0
Check: DESCRIPTION meta-information
Result: NOTE
Missing dependency on R >= 4.1.0 because package code uses the pipe
|> or function shorthand \(...) syntax added in R 4.1.0.
File(s) using such syntax:
‘RHRVEasy.R’ ‘easyStatsFunctions.R’
Flavors: r-devel-linux-x86_64-debian-clang, r-devel-linux-x86_64-debian-gcc, r-devel-linux-x86_64-fedora-clang, r-devel-linux-x86_64-fedora-gcc, r-devel-macos-x86_64, r-devel-windows-x86_64