Last updated on 2025-10-31 00:51:14 CET.
| Flavor | Version | Tinstall | Tcheck | Ttotal | Status | Flags | 
|---|---|---|---|---|---|---|
| r-devel-linux-x86_64-debian-clang | 1.7 | 12.57 | 91.08 | 103.65 | NOTE | |
| r-devel-linux-x86_64-debian-gcc | 1.7 | 8.30 | 62.13 | 70.43 | NOTE | |
| r-devel-linux-x86_64-fedora-clang | 1.7 | 27.00 | 132.73 | 159.73 | NOTE | |
| r-devel-linux-x86_64-fedora-gcc | 1.7 | 28.00 | 118.67 | 146.67 | NOTE | |
| r-devel-windows-x86_64 | 1.7 | 13.00 | 98.00 | 111.00 | NOTE | |
| r-patched-linux-x86_64 | 1.7 | 11.50 | 84.84 | 96.34 | NOTE | |
| r-release-linux-x86_64 | 1.7 | 10.88 | 85.29 | 96.17 | NOTE | |
| r-release-macos-arm64 | 1.7 | 5.00 | 34.00 | 39.00 | NOTE | |
| r-release-macos-x86_64 | 1.7 | 9.00 | 62.00 | 71.00 | NOTE | |
| r-release-windows-x86_64 | 1.7 | 13.00 | 103.00 | 116.00 | NOTE | |
| r-oldrel-macos-arm64 | 1.7 | 5.00 | 34.00 | 39.00 | NOTE | |
| r-oldrel-macos-x86_64 | 1.7 | 7.00 | 62.00 | 69.00 | NOTE | |
| r-oldrel-windows-x86_64 | 1.7 | 17.00 | 136.00 | 153.00 | NOTE | 
Version: 1.7
Check: CRAN incoming feasibility
Result: NOTE
  Maintainer: ‘Rezgar Arabzadeh <rezgararabzadeh@ut.ac.ir>’
  
  No Authors@R field in DESCRIPTION.
  Please add one, modifying
    Authors@R: c(person(given = c("Rezgar", "Arabzadeh;", "Shahab"),
                        family = "Araghinejad",
                        role = "aut"),
                 person(given = "Rezgar",
                        family = "Arabzadeh",
                        role = "cre",
                        email = "rezgararabzadeh@ut.ac.ir"))
  as necessary.
Flavors: r-devel-linux-x86_64-debian-clang, r-devel-linux-x86_64-debian-gcc
Version: 1.7
Check: Rd files
Result: NOTE
  checkRd: (-1) reachRouting.Rd:15: Lost braces
      15 |   \item{inflow}{a vector of runoff (cms) presenting a runoff event generated by excess rainfall computed by \code{loss} methods or an object inherited from any of the following classes :{\code{transform} ; \code{reachRouting} ; \code{reservoirRouting}}.}
         |                                                                                                                                                                                           ^
  checkRd: (-1) reachRouting.base.Rd:14: Lost braces
      14 |   \item{inflow}{a vector of runoff (cms) or an object inherited from any of the following classes :{\code{transform} ; \code{reachRouting} ; \code{reservoirRouting}}.}
         |                                                                                                    ^
  checkRd: (-1) reachRouting.default.Rd:21: Lost braces
      21 |   \item{inflow}{a vector of runoff (cms) or an object inherited from any of the following classes :{\code{transform} ; \code{reachRouting} ; \code{reservoirRouting}}.}
         |                                                                                                    ^
  checkRd: (-1) reservoirRouting.Rd:13: Lost braces
      13 |   \item{inflow}{a vector of in (cms) presenting a runoff event generated by excess rainfall computed by \code{loss} methods or an object inherited from any of the following classes :{\code{transform} ; \code{reachRouting} ; \code{reservoirRouting}}.}
         |                                                                                                                                                                                       ^
  checkRd: (-1) reservoirRouting.base.Rd:13: Lost braces
      13 |   \item{inflow}{a vector of in (cms) presenting a runoff event generated by excess rainfall computed by \code{loss} methods or an object inherited from any of the following classes :{\code{transform} ; \code{reachRouting} ; \code{reservoirRouting}}.}
         |                                                                                                                                                                                       ^
  checkRd: (-1) reservoirRouting.default.Rd:18: Lost braces
      18 |   \item{inflow}{a vector of in (cms) presenting a runoff event generated by excess rainfall computed by \code{loss} methods or an object inherited from any of the following classes :{\code{transform} ; \code{reachRouting} ; \code{reservoirRouting}}.}
         |                                                                                                                                                                                       ^
Flavors: r-devel-linux-x86_64-debian-clang, r-devel-linux-x86_64-debian-gcc, r-devel-linux-x86_64-fedora-clang, r-devel-linux-x86_64-fedora-gcc, r-devel-windows-x86_64, r-patched-linux-x86_64, r-release-linux-x86_64, r-release-macos-arm64, r-release-macos-x86_64, r-release-windows-x86_64, r-oldrel-macos-arm64, r-oldrel-macos-x86_64, r-oldrel-windows-x86_64