Last updated on 2025-10-31 00:51:13 CET.
| Flavor | Version | Tinstall | Tcheck | Ttotal | Status | Flags | 
|---|---|---|---|---|---|---|
| r-devel-linux-x86_64-debian-clang | 1.2.0 | 6.78 | 109.27 | 116.05 | NOTE | |
| r-devel-linux-x86_64-debian-gcc | 1.2.0 | 5.58 | 74.34 | 79.92 | NOTE | |
| r-devel-linux-x86_64-fedora-clang | 1.2.0 | 17.00 | 171.30 | 188.30 | OK | |
| r-devel-linux-x86_64-fedora-gcc | 1.2.0 | 18.00 | 179.68 | 197.68 | OK | |
| r-devel-windows-x86_64 | 1.2.0 | 9.00 | 125.00 | 134.00 | OK | |
| r-patched-linux-x86_64 | 1.2.0 | 8.36 | 103.18 | 111.54 | OK | |
| r-release-linux-x86_64 | 1.2.0 | 7.19 | 103.99 | 111.18 | OK | |
| r-release-macos-arm64 | 1.2.0 | 4.00 | 68.00 | 72.00 | OK | |
| r-release-macos-x86_64 | 1.2.0 | 7.00 | 104.00 | 111.00 | OK | |
| r-release-windows-x86_64 | 1.2.0 | 10.00 | 134.00 | 144.00 | OK | |
| r-oldrel-macos-arm64 | 1.2.0 | 4.00 | 52.00 | 56.00 | NOTE | |
| r-oldrel-macos-x86_64 | 1.2.0 | 6.00 | 81.00 | 87.00 | NOTE | |
| r-oldrel-windows-x86_64 | 1.2.0 | 12.00 | 156.00 | 168.00 | NOTE | 
Version: 1.2.0
Check: CRAN incoming feasibility
Result: NOTE
  Maintainer: ‘Cristian Quiroz-Moreno <cristianquirozd1997@gmail.com>’
  
  Package CITATION file contains call(s) to old-style citEntry().  Please
  use bibentry() instead.
Flavors: r-devel-linux-x86_64-debian-clang, r-devel-linux-x86_64-debian-gcc
Version: 1.2.0
Check: installed package size
Result: NOTE
    installed size is  5.4Mb
    sub-directories of 1Mb or more:
      data      1.9Mb
      doc       1.2Mb
      extdata   1.9Mb
Flavors: r-oldrel-macos-arm64, r-oldrel-macos-x86_64, r-oldrel-windows-x86_64