Last updated on 2024-08-24 02:49:52 CEST.
Flavor | Version | Tinstall | Tcheck | Ttotal | Status | Flags |
---|---|---|---|---|---|---|
r-devel-linux-x86_64-debian-clang | 0.8.5 | 3.72 | 58.97 | 62.69 | OK | |
r-devel-linux-x86_64-debian-gcc | 0.8.5 | 2.48 | 43.79 | 46.27 | OK | |
r-devel-linux-x86_64-fedora-clang | 0.8.5 | 101.72 | NOTE | |||
r-devel-linux-x86_64-fedora-gcc | 0.8.5 | 115.86 | NOTE | |||
r-devel-windows-x86_64 | 0.8.5 | 6.00 | 114.00 | 120.00 | OK | |
r-patched-linux-x86_64 | 0.8.5 | 3.98 | 56.67 | 60.65 | OK | |
r-release-linux-x86_64 | 0.8.5 | 3.61 | 55.77 | 59.38 | OK | |
r-release-macos-arm64 | 0.8.5 | 39.00 | OK | |||
r-release-macos-x86_64 | 0.8.5 | 69.00 | OK | |||
r-release-windows-x86_64 | 0.8.5 | 5.00 | 113.00 | 118.00 | OK | |
r-oldrel-macos-arm64 | 0.8.5 | 40.00 | OK | |||
r-oldrel-macos-x86_64 | 0.8.5 | 108.00 | OK | |||
r-oldrel-windows-x86_64 | 0.8.5 | 7.00 | 115.00 | 122.00 | OK |
Version: 0.8.5
Check: dependencies in R code
Result: NOTE
Namespaces in Imports field not imported from:
‘RFlocalfdr.data’ ‘vita’
All declared Imports should be used.
Flavors: r-devel-linux-x86_64-fedora-clang, r-devel-linux-x86_64-fedora-gcc