Last updated on 2025-10-31 00:51:13 CET.
| Flavor | Version | Tinstall | Tcheck | Ttotal | Status | Flags | 
|---|---|---|---|---|---|---|
| r-devel-linux-x86_64-debian-clang | 0.3.2 | 8.07 | 129.02 | 137.09 | NOTE | |
| r-devel-linux-x86_64-debian-gcc | 0.3.2 | 5.58 | 86.08 | 91.66 | NOTE | |
| r-devel-linux-x86_64-fedora-clang | 0.3.2 | 19.00 | 201.42 | 220.42 | NOTE | |
| r-devel-linux-x86_64-fedora-gcc | 0.3.2 | 17.00 | 202.80 | 219.80 | NOTE | |
| r-devel-windows-x86_64 | 0.3.2 | 10.00 | 135.00 | 145.00 | NOTE | |
| r-patched-linux-x86_64 | 0.3.2 | 8.56 | 121.06 | 129.62 | NOTE | |
| r-release-linux-x86_64 | 0.3.2 | 8.16 | 120.59 | 128.75 | NOTE | |
| r-release-macos-arm64 | 0.3.2 | 4.00 | 61.00 | 65.00 | NOTE | |
| r-release-macos-x86_64 | 0.3.2 | 10.00 | 124.00 | 134.00 | NOTE | |
| r-release-windows-x86_64 | 0.3.2 | 12.00 | 135.00 | 147.00 | NOTE | |
| r-oldrel-macos-arm64 | 0.3.2 | 5.00 | 61.00 | 66.00 | OK | |
| r-oldrel-macos-x86_64 | 0.3.2 | 10.00 | 116.00 | 126.00 | OK | |
| r-oldrel-windows-x86_64 | 0.3.2 | 15.00 | 175.00 | 190.00 | OK | 
Version: 0.3.2
Check: DESCRIPTION meta-information
Result: NOTE
    Missing dependency on R >= 4.1.0 because package code uses the pipe
    |> or function shorthand \(...) syntax added in R 4.1.0.
    File(s) using such syntax:
      ‘to_df.R’
Flavors: r-devel-linux-x86_64-debian-clang, r-devel-linux-x86_64-debian-gcc, r-devel-linux-x86_64-fedora-clang, r-devel-linux-x86_64-fedora-gcc, r-devel-windows-x86_64, r-patched-linux-x86_64, r-release-linux-x86_64, r-release-macos-arm64, r-release-macos-x86_64, r-release-windows-x86_64