Last updated on 2024-08-25 01:49:17 CEST.
Flavor | Version | Tinstall | Tcheck | Ttotal | Status | Flags |
---|---|---|---|---|---|---|
r-devel-linux-x86_64-debian-clang | 0.2.5 | 4.84 | 41.67 | 46.51 | NOTE | |
r-devel-linux-x86_64-debian-gcc | 0.2.5 | 3.14 | 31.58 | 34.72 | NOTE | |
r-devel-linux-x86_64-fedora-clang | 0.2.5 | 75.19 | OK | |||
r-devel-linux-x86_64-fedora-gcc | 0.2.5 | 87.99 | OK | |||
r-devel-windows-x86_64 | 0.2.5 | 6.00 | 66.00 | 72.00 | NOTE | |
r-patched-linux-x86_64 | 0.2.5 | 8.30 | 40.01 | 48.31 | OK | |
r-release-linux-x86_64 | 0.2.5 | 4.28 | 39.87 | 44.15 | OK | |
r-release-macos-arm64 | 0.2.5 | 31.00 | OK | |||
r-release-macos-x86_64 | 0.2.5 | 53.00 | OK | |||
r-release-windows-x86_64 | 0.2.5 | 6.00 | 67.00 | 73.00 | OK | |
r-oldrel-macos-arm64 | 0.2.5 | 32.00 | OK | |||
r-oldrel-macos-x86_64 | 0.2.5 | 80.00 | OK | |||
r-oldrel-windows-x86_64 | 0.2.5 | 8.00 | 71.00 | 79.00 | OK |
Version: 0.2.5
Check: Rd cross-references
Result: NOTE
Found the following Rd file(s) with Rd \link{} targets missing package
anchors:
html_doc.Rd: whisker-package
ltx_doc.Rd: whisker-package
Please provide package anchors for all Rd \link{} targets not in the
package itself and the base packages.
Flavors: r-devel-linux-x86_64-debian-clang, r-devel-linux-x86_64-debian-gcc, r-devel-windows-x86_64