Last updated on 2024-06-16 01:49:35 CEST.
Flavor | Version | Tinstall | Tcheck | Ttotal | Status | Flags |
---|---|---|---|---|---|---|
r-devel-linux-x86_64-debian-clang | 1.0.2 | 0.60 | 2.27 | 2.87 | ERROR | |
r-devel-linux-x86_64-debian-gcc | 1.0.2 | 4.30 | 341.65 | 345.95 | OK | |
r-devel-linux-x86_64-fedora-clang | 1.0.2 | 592.63 | OK | |||
r-devel-linux-x86_64-fedora-gcc | 1.0.2 | 598.54 | OK | |||
r-devel-windows-x86_64 | 1.0.2 | 6.00 | 288.00 | 294.00 | OK | |
r-patched-linux-x86_64 | 1.0.2 | 0.56 | 2.28 | 2.84 | ERROR | |
r-release-linux-x86_64 | 1.0.2 | 0.54 | 2.15 | 2.69 | ERROR | |
r-release-macos-arm64 | 1.0.2 | 100.00 | OK | |||
r-release-macos-x86_64 | 1.0.2 | 218.00 | OK | |||
r-release-windows-x86_64 | 1.0.2 | 5.00 | 298.00 | 303.00 | OK | |
r-oldrel-macos-arm64 | 1.0.2 | 116.00 | OK | |||
r-oldrel-macos-x86_64 | 1.0.2 | 246.00 | OK | |||
r-oldrel-windows-x86_64 | 1.0.2 | 7.00 | 423.00 | 430.00 | OK |
Version: 1.0.2
Check: package dependencies
Result: ERROR
Package required but not available: ‘RMark’
See section ‘The DESCRIPTION file’ in the ‘Writing R Extensions’
manual.
Flavors: r-devel-linux-x86_64-debian-clang, r-patched-linux-x86_64, r-release-linux-x86_64