Last updated on 2025-10-31 00:51:12 CET.
| Flavor | Version | Tinstall | Tcheck | Ttotal | Status | Flags | 
|---|---|---|---|---|---|---|
| r-devel-linux-x86_64-debian-clang | 1.0.5 | 5.25 | 40.13 | 45.38 | NOTE | |
| r-devel-linux-x86_64-debian-gcc | 1.0.5 | 3.61 | 29.38 | 32.99 | NOTE | |
| r-devel-linux-x86_64-fedora-clang | 1.0.5 | 15.00 | 59.90 | 74.90 | OK | |
| r-devel-linux-x86_64-fedora-gcc | 1.0.5 | 13.00 | 56.50 | 69.50 | OK | |
| r-devel-windows-x86_64 | 1.0.5 | 7.00 | 58.00 | 65.00 | OK | |
| r-patched-linux-x86_64 | 1.0.5 | 4.26 | 38.04 | 42.30 | OK | |
| r-release-linux-x86_64 | 1.0.5 | 4.87 | 38.77 | 43.64 | OK | |
| r-release-macos-arm64 | 1.0.5 | 3.00 | 24.00 | 27.00 | OK | |
| r-release-macos-x86_64 | 1.0.5 | 5.00 | 36.00 | 41.00 | OK | |
| r-release-windows-x86_64 | 1.0.5 | 7.00 | 62.00 | 69.00 | OK | |
| r-oldrel-macos-arm64 | 1.0.5 | 3.00 | 21.00 | 24.00 | NOTE | |
| r-oldrel-macos-x86_64 | 1.0.5 | 4.00 | 34.00 | 38.00 | NOTE | |
| r-oldrel-windows-x86_64 | 1.0.5 | 10.00 | 71.00 | 81.00 | NOTE | 
Version: 1.0.5
Check: CRAN incoming feasibility
Result: NOTE
  Maintainer: ‘Andrea Fasulo <fasulo@istat.it>’
  
  No Authors@R field in DESCRIPTION.
  Please add one, modifying
    Authors@R: c(person(given = c("Andrea", "Fasulo,Giulio", "Barcaroli,Stefano", "Falorsi,Alessio", "Guandalini,Daniela", "Pagliuca,Marco", "Dionisio"),
                        family = "Terribili",
                        role = "aut"),
                 person(given = "Andrea",
                        family = "Fasulo",
                        role = "cre",
                        email = "fasulo@istat.it"))
  as necessary.
Flavors: r-devel-linux-x86_64-debian-clang, r-devel-linux-x86_64-debian-gcc
Version: 1.0.5
Check: package dependencies
Result: NOTE
  Package suggested but not available for checking: ‘ReGenesees’
Flavors: r-oldrel-macos-arm64, r-oldrel-macos-x86_64, r-oldrel-windows-x86_64