Last updated on 2025-02-22 00:49:56 CET.
Flavor | Version | Tinstall | Tcheck | Ttotal | Status | Flags |
---|---|---|---|---|---|---|
r-devel-linux-x86_64-debian-clang | 0.1.3 | 8.53 | 100.65 | 109.18 | NOTE | |
r-devel-linux-x86_64-debian-gcc | 0.1.3 | 5.36 | 71.64 | 77.00 | NOTE | |
r-devel-linux-x86_64-fedora-clang | 0.1.3 | 176.04 | NOTE | |||
r-devel-linux-x86_64-fedora-gcc | 0.1.3 | 186.55 | NOTE | |||
r-devel-macos-arm64 | 0.1.3 | 52.00 | OK | |||
r-devel-macos-x86_64 | 0.1.3 | 95.00 | OK | |||
r-devel-windows-x86_64 | 0.1.3 | 12.00 | 109.00 | 121.00 | NOTE | |
r-patched-linux-x86_64 | 0.1.3 | 15.60 | 94.68 | 110.28 | OK | |
r-release-linux-x86_64 | 0.1.3 | 8.05 | 94.99 | 103.04 | OK | |
r-release-macos-arm64 | 0.1.3 | 57.00 | OK | |||
r-release-macos-x86_64 | 0.1.3 | 83.00 | OK | |||
r-release-windows-x86_64 | 0.1.3 | 14.00 | 110.00 | 124.00 | OK | |
r-oldrel-macos-arm64 | 0.1.3 | 62.00 | OK | |||
r-oldrel-macos-x86_64 | 0.1.3 | 110.00 | OK | |||
r-oldrel-windows-x86_64 | 0.1.3 | 16.00 | 129.00 | 145.00 | OK |
Version: 0.1.3
Check: Rd cross-references
Result: NOTE
Found the following Rd file(s) with Rd \link{} targets missing package
anchors:
terms_graph.Rd: tkplot, plot.igraph
Please provide package anchors for all Rd \link{} targets not in the
package itself and the base packages.
Flavors: r-devel-linux-x86_64-debian-clang, r-devel-linux-x86_64-debian-gcc, r-devel-windows-x86_64
Version: 0.1.3
Check: dependencies in R code
Result: NOTE
Namespace in Imports field not imported from: ‘testthat’
All declared Imports should be used.
Flavors: r-devel-linux-x86_64-fedora-clang, r-devel-linux-x86_64-fedora-gcc