Last updated on 2025-10-31 00:51:12 CET.
| Flavor | Version | Tinstall | Tcheck | Ttotal | Status | Flags | 
|---|---|---|---|---|---|---|
| r-devel-linux-x86_64-debian-clang | 1.0 | 6.61 | 59.24 | 65.85 | NOTE | |
| r-devel-linux-x86_64-debian-gcc | 1.0 | 5.42 | 46.22 | 51.64 | NOTE | |
| r-devel-linux-x86_64-fedora-clang | 1.0 | 13.00 | 89.08 | 102.08 | OK | |
| r-devel-linux-x86_64-fedora-gcc | 1.0 | 12.00 | 84.91 | 96.91 | OK | |
| r-devel-windows-x86_64 | 1.0 | 7.00 | 74.00 | 81.00 | OK | |
| r-patched-linux-x86_64 | 1.0 | 6.02 | 56.88 | 62.90 | OK | |
| r-release-linux-x86_64 | 1.0 | 6.67 | 56.67 | 63.34 | OK | |
| r-release-macos-arm64 | 1.0 | 4.00 | 32.00 | 36.00 | OK | |
| r-release-macos-x86_64 | 1.0 | 7.00 | 58.00 | 65.00 | OK | |
| r-release-windows-x86_64 | 1.0 | 8.00 | 70.00 | 78.00 | OK | |
| r-oldrel-macos-arm64 | 1.0 | 3.00 | 25.00 | 28.00 | OK | |
| r-oldrel-macos-x86_64 | 1.0 | 5.00 | 42.00 | 47.00 | OK | |
| r-oldrel-windows-x86_64 | 1.0 | 10.00 | 87.00 | 97.00 | OK | 
Version: 1.0
Check: CRAN incoming feasibility
Result: NOTE
  Maintainer: ‘Xiaoyu Song <xs2148@cumc.columbia.edu>’
  
  No Authors@R field in DESCRIPTION.
  Please add one, modifying
    Authors@R: person(given = "Xiaoyu",
                      family = "Song",
                      role = c("aut", "cre"),
                      email = "xs2148@cumc.columbia.edu")
  as necessary.
Flavors: r-devel-linux-x86_64-debian-clang, r-devel-linux-x86_64-debian-gcc