Last updated on 2025-10-31 00:51:11 CET.
| Flavor | Version | Tinstall | Tcheck | Ttotal | Status | Flags | 
|---|---|---|---|---|---|---|
| r-devel-linux-x86_64-debian-clang | 1.4.3 | 7.20 | 71.86 | 79.06 | NOTE | |
| r-devel-linux-x86_64-debian-gcc | 1.4.3 | 6.70 | 52.33 | 59.03 | NOTE | |
| r-devel-linux-x86_64-fedora-clang | 1.4.3 | 19.00 | 106.61 | 125.61 | OK | |
| r-devel-linux-x86_64-fedora-gcc | 1.4.3 | 18.00 | 98.28 | 116.28 | OK | |
| r-devel-windows-x86_64 | 1.4.3 | 9.00 | 78.00 | 87.00 | OK | |
| r-patched-linux-x86_64 | 1.4.3 | 9.42 | 69.23 | 78.65 | OK | |
| r-release-linux-x86_64 | 1.4.3 | 8.67 | 68.57 | 77.24 | OK | |
| r-release-macos-arm64 | 1.4.3 | 4.00 | 28.00 | 32.00 | OK | |
| r-release-macos-x86_64 | 1.4.3 | 6.00 | 52.00 | 58.00 | OK | |
| r-release-windows-x86_64 | 1.4.3 | 9.00 | 80.00 | 89.00 | OK | |
| r-oldrel-macos-arm64 | 1.4.3 | 3.00 | 25.00 | 28.00 | OK | |
| r-oldrel-macos-x86_64 | 1.4.3 | 5.00 | 38.00 | 43.00 | OK | |
| r-oldrel-windows-x86_64 | 1.4.3 | 13.00 | 98.00 | 111.00 | OK | 
Version: 1.4.3
Check: CRAN incoming feasibility
Result: NOTE
  Maintainer: ‘Ran Gao <rgao8@uic.edu>’
  
  No Authors@R field in DESCRIPTION.
  Please add one, modifying
    Authors@R: c(person(given = "Gul",
                        family = "Inan",
                        role = "aut"),
                 person(given = "Hakan",
                        family = "Demirtas",
                        role = "aut"),
                 person(given = "Ran",
                        family = "Gao",
                        role = c("aut", "cre"),
                        email = "rgao8@uic.edu"))
  as necessary.
Flavors: r-devel-linux-x86_64-debian-clang, r-devel-linux-x86_64-debian-gcc