Last updated on 2025-10-31 00:51:11 CET.
| Flavor | Version | Tinstall | Tcheck | Ttotal | Status | Flags | 
|---|---|---|---|---|---|---|
| r-devel-linux-x86_64-debian-clang | 1.2.1 | 3.88 | 33.80 | 37.68 | NOTE | |
| r-devel-linux-x86_64-debian-gcc | 1.2.1 | 2.17 | 24.66 | 26.83 | NOTE | |
| r-devel-linux-x86_64-fedora-clang | 1.2.1 | 55.98 | OK | |||
| r-devel-linux-x86_64-fedora-gcc | 1.2.1 | 52.82 | OK | |||
| r-devel-windows-x86_64 | 1.2.1 | 5.00 | 49.00 | 54.00 | OK | |
| r-patched-linux-x86_64 | 1.2.1 | 3.58 | 31.15 | 34.73 | OK | |
| r-release-linux-x86_64 | 1.2.1 | 2.95 | 31.08 | 34.03 | OK | |
| r-release-macos-arm64 | 1.2.1 | 2.00 | 20.00 | 22.00 | OK | |
| r-release-macos-x86_64 | 1.2.1 | 3.00 | 31.00 | 34.00 | OK | |
| r-release-windows-x86_64 | 1.2.1 | 5.00 | 48.00 | 53.00 | OK | |
| r-oldrel-macos-arm64 | 1.2.1 | 2.00 | 18.00 | 20.00 | NOTE | |
| r-oldrel-macos-x86_64 | 1.2.1 | 3.00 | 26.00 | 29.00 | NOTE | |
| r-oldrel-windows-x86_64 | 1.2.1 | 6.00 | 57.00 | 63.00 | NOTE | 
Version: 1.2.1
Check: CRAN incoming feasibility
Result: NOTE
  Maintainer: ‘Hector Haffenden <haffendenh@cardiff.ac.uk>’
  
  No Authors@R field in DESCRIPTION.
  Please add one, modifying
    Authors@R: person(given = "Hector",
                      family = "Haffenden",
                      role = c("aut", "cre"),
                      email = "haffendenh@cardiff.ac.uk")
  as necessary.
Flavors: r-devel-linux-x86_64-debian-clang, r-devel-linux-x86_64-debian-gcc
Version: 1.2.1
Check: LazyData
Result: NOTE
    'LazyData' is specified without a 'data' directory
Flavors: r-oldrel-macos-arm64, r-oldrel-macos-x86_64, r-oldrel-windows-x86_64