CRAN Package Check Results for Package PROreg

Last updated on 2025-02-22 00:49:55 CET.

Flavor Version Tinstall Tcheck Ttotal Status Flags
r-devel-linux-x86_64-debian-clang 1.3 8.58 69.20 77.78 NOTE
r-devel-linux-x86_64-debian-gcc 1.3 5.84 49.48 55.32 NOTE
r-devel-linux-x86_64-fedora-clang 1.3 132.82 OK
r-devel-linux-x86_64-fedora-gcc 1.3 117.74 OK
r-devel-macos-arm64 1.3 38.00 OK
r-devel-macos-x86_64 1.3 67.00 OK
r-devel-windows-x86_64 1.3 12.00 83.00 95.00 NOTE
r-patched-linux-x86_64 1.3 16.63 65.54 82.17 OK
r-release-linux-x86_64 1.3 7.05 64.10 71.15 OK
r-release-macos-arm64 1.3 37.00 OK
r-release-macos-x86_64 1.3 62.00 OK
r-release-windows-x86_64 1.3 10.00 82.00 92.00 OK
r-oldrel-macos-arm64 1.3 43.00 OK
r-oldrel-macos-x86_64 1.3 101.00 OK
r-oldrel-windows-x86_64 1.3 12.00 91.00 103.00 OK

Check Details

Version: 1.3
Check: Rd cross-references
Result: NOTE Found the following Rd file(s) with Rd \link{} targets missing package anchors: BBmm.Rd: multiroot HRQoLplot.Rd: radarchart summary.BBmm.Rd: multiroot Please provide package anchors for all Rd \link{} targets not in the package itself and the base packages. Flavors: r-devel-linux-x86_64-debian-clang, r-devel-linux-x86_64-debian-gcc, r-devel-windows-x86_64