Last updated on 2025-02-22 00:49:55 CET.
Flavor | Version | Tinstall | Tcheck | Ttotal | Status | Flags |
---|---|---|---|---|---|---|
r-devel-linux-x86_64-debian-clang | 0.3.3 | 4.96 | 30.69 | 35.65 | NOTE | |
r-devel-linux-x86_64-debian-gcc | 0.3.3 | 3.41 | 23.61 | 27.02 | NOTE | |
r-devel-linux-x86_64-fedora-clang | 0.3.3 | 59.58 | NOTE | |||
r-devel-linux-x86_64-fedora-gcc | 0.3.3 | 52.93 | NOTE | |||
r-devel-macos-arm64 | 0.3.3 | 20.00 | NOTE | |||
r-devel-macos-x86_64 | 0.3.3 | 34.00 | NOTE | |||
r-devel-windows-x86_64 | 0.3.3 | 5.00 | 53.00 | 58.00 | NOTE | |
r-patched-linux-x86_64 | 0.3.3 | 5.71 | 29.02 | 34.73 | NOTE | |
r-release-linux-x86_64 | 0.3.3 | 4.29 | 28.75 | 33.04 | NOTE | |
r-release-macos-arm64 | 0.3.3 | 21.00 | NOTE | |||
r-release-macos-x86_64 | 0.3.3 | 29.00 | NOTE | |||
r-release-windows-x86_64 | 0.3.3 | 5.00 | 52.00 | 57.00 | NOTE | |
r-oldrel-macos-arm64 | 0.3.3 | 21.00 | OK | |||
r-oldrel-macos-x86_64 | 0.3.3 | 29.00 | OK | |||
r-oldrel-windows-x86_64 | 0.3.3 | 5.00 | 55.00 | 60.00 | OK |
Version: 0.3.3
Check: Rd files
Result: NOTE
checkRd: (-1) struc_addSimData.Rd:15: Lost braces
15 | \item{value}{code{data.frame} or code{data.table}}
| ^
checkRd: (-1) struc_addSimData.Rd:15: Lost braces
15 | \item{value}{code{data.frame} or code{data.table}}
| ^
Flavors: r-devel-linux-x86_64-debian-clang, r-devel-linux-x86_64-debian-gcc, r-devel-linux-x86_64-fedora-clang, r-devel-linux-x86_64-fedora-gcc, r-devel-macos-arm64, r-devel-macos-x86_64, r-devel-windows-x86_64, r-patched-linux-x86_64, r-release-linux-x86_64, r-release-macos-arm64, r-release-macos-x86_64, r-release-windows-x86_64