Last updated on 2024-06-16 01:49:35 CEST.
Flavor | Version | Tinstall | Tcheck | Ttotal | Status | Flags |
---|---|---|---|---|---|---|
r-devel-linux-x86_64-debian-clang | 0.5.0 | 10.85 | 44.72 | 55.57 | OK | |
r-devel-linux-x86_64-debian-gcc | 0.5.0 | 6.84 | 33.87 | 40.71 | OK | |
r-devel-linux-x86_64-fedora-clang | 0.5.0 | 67.20 | OK | |||
r-devel-linux-x86_64-fedora-gcc | 0.5.0 | 76.77 | OK | |||
r-devel-windows-x86_64 | 0.5.0 | 21.00 | 209.00 | 230.00 | ERROR | |
r-patched-linux-x86_64 | 0.4.5 | 6.03 | 32.10 | 38.13 | NOTE | |
r-release-linux-x86_64 | 0.4.5 | 5.44 | 31.97 | 37.41 | NOTE | |
r-release-macos-arm64 | 0.5.0 | 58.00 | NOTE | |||
r-release-macos-x86_64 | 0.5.0 | 100.00 | NOTE | |||
r-release-windows-x86_64 | 0.5.0 | 22.00 | 210.00 | 232.00 | NOTE | |
r-oldrel-macos-arm64 | 0.5.0 | 44.00 | NOTE | |||
r-oldrel-macos-x86_64 | 0.5.0 | 78.00 | NOTE | |||
r-oldrel-windows-x86_64 | 0.5.0 | 26.00 | 242.00 | 268.00 | NOTE |
Version: 0.5.0
Check: whether package can be installed
Result: ERROR
Installation failed.
Flavor: r-devel-windows-x86_64
Version: 0.4.5
Check: HTML version of manual
Result: NOTE
Found the following HTML validation problems:
proj_crs_text.html:65:1 (proj_crs_text.Rd:29): Warning: trimming empty <h3>
Flavors: r-patched-linux-x86_64, r-release-linux-x86_64
Version: 0.5.0
Check: installed package size
Result: NOTE
installed size is 17.8Mb
sub-directories of 1Mb or more:
libs 17.5Mb
Flavors: r-release-macos-arm64, r-release-macos-x86_64, r-release-windows-x86_64, r-oldrel-macos-arm64, r-oldrel-macos-x86_64, r-oldrel-windows-x86_64