Last updated on 2025-10-31 00:51:12 CET.
| Flavor | Version | Tinstall | Tcheck | Ttotal | Status | Flags | 
|---|---|---|---|---|---|---|
| r-devel-linux-x86_64-debian-clang | 0.1.0 | 1.52 | 17.72 | 19.24 | NOTE | |
| r-devel-linux-x86_64-debian-gcc | 0.1.0 | 1.38 | 14.85 | 16.23 | NOTE | |
| r-devel-linux-x86_64-fedora-clang | 0.1.0 | 28.83 | NOTE | |||
| r-devel-linux-x86_64-fedora-gcc | 0.1.0 | 26.76 | NOTE | |||
| r-devel-windows-x86_64 | 0.1.0 | 3.00 | 36.00 | 39.00 | OK | |
| r-patched-linux-x86_64 | 0.1.0 | 1.68 | 16.69 | 18.37 | OK | |
| r-release-linux-x86_64 | 0.1.0 | 1.67 | 16.64 | 18.31 | OK | |
| r-release-macos-arm64 | 0.1.0 | 1.00 | 14.00 | 15.00 | OK | |
| r-release-macos-x86_64 | 0.1.0 | 1.00 | 20.00 | 21.00 | OK | |
| r-release-windows-x86_64 | 0.1.0 | 3.00 | 37.00 | 40.00 | OK | |
| r-oldrel-macos-arm64 | 0.1.0 | 1.00 | 13.00 | 14.00 | NOTE | |
| r-oldrel-macos-x86_64 | 0.1.0 | 1.00 | 19.00 | 20.00 | NOTE | |
| r-oldrel-windows-x86_64 | 0.1.0 | 4.00 | 41.00 | 45.00 | NOTE | 
Version: 0.1.0
Check: CRAN incoming feasibility
Result: NOTE
  Maintainer: ‘Kartikeya Bolar <kartikeya.bolar@tapmi.edu.in>’
  
  No Authors@R field in DESCRIPTION.
  Please add one, modifying
    Authors@R: person(given = "Kartikeya",
                      family = "Bolar",
                      role = c("aut", "cre"),
                      email = "kartikeya.bolar@tapmi.edu.in")
  as necessary.
Flavors: r-devel-linux-x86_64-debian-clang, r-devel-linux-x86_64-debian-gcc
Version: 0.1.0
Check: dependencies in R code
Result: NOTE
  Namespaces in Imports field not imported from:
    ‘LaplacesDemon’ ‘epitools’ ‘rpivotTable’ ‘shiny’ ‘shinyMatrix’
    All declared Imports should be used.
Flavors: r-devel-linux-x86_64-fedora-clang, r-devel-linux-x86_64-fedora-gcc
Version: 0.1.0
Check: LazyData
Result: NOTE
    'LazyData' is specified without a 'data' directory
Flavors: r-oldrel-macos-arm64, r-oldrel-macos-x86_64, r-oldrel-windows-x86_64