Last updated on 2025-10-31 00:51:12 CET.
| Flavor | Version | Tinstall | Tcheck | Ttotal | Status | Flags | 
|---|---|---|---|---|---|---|
| r-devel-linux-x86_64-debian-clang | 2.0.4 | 34.04 | 99.99 | 134.03 | NOTE | |
| r-devel-linux-x86_64-debian-gcc | 2.0.4 | 21.01 | 72.32 | 93.33 | NOTE | |
| r-devel-linux-x86_64-fedora-clang | 2.0.4 | 61.00 | 158.59 | 219.59 | OK | |
| r-devel-linux-x86_64-fedora-gcc | 2.0.4 | 69.00 | 129.69 | 198.69 | OK | |
| r-devel-windows-x86_64 | 2.0.4 | 38.00 | 118.00 | 156.00 | OK | |
| r-patched-linux-x86_64 | 2.0.4 | 32.84 | 94.10 | 126.94 | OK | |
| r-release-linux-x86_64 | 2.0.4 | 31.42 | 93.59 | 125.01 | OK | |
| r-release-macos-arm64 | 2.0.4 | 13.00 | 39.00 | 52.00 | OK | |
| r-release-macos-x86_64 | 2.0.4 | 21.00 | 66.00 | 87.00 | OK | |
| r-release-windows-x86_64 | 2.0.4 | 37.00 | 121.00 | 158.00 | OK | |
| r-oldrel-macos-arm64 | 2.0.4 | 13.00 | 37.00 | 50.00 | OK | |
| r-oldrel-macos-x86_64 | 2.0.4 | 19.00 | 54.00 | 73.00 | OK | |
| r-oldrel-windows-x86_64 | 2.0.4 | 46.00 | 166.00 | 212.00 | OK | 
Version: 2.0.4
Check: CRAN incoming feasibility
Result: NOTE
  Maintainer: ‘Eun-Kyung Lee <lee.eunk@gmail.com>’
  
  No Authors@R field in DESCRIPTION.
  Please add one, modifying
    Authors@R: person(given = "Eun-Kyung",
                      family = "Lee",
                      role = c("aut", "cre"),
                      email = "lee.eunk@gmail.com")
  as necessary.
Flavors: r-devel-linux-x86_64-debian-clang, r-devel-linux-x86_64-debian-gcc