Last updated on 2025-10-31 00:51:12 CET.
| Flavor | Version | Tinstall | Tcheck | Ttotal | Status | Flags | 
|---|---|---|---|---|---|---|
| r-devel-linux-x86_64-debian-clang | 1.0.0 | 20.90 | 24.63 | 45.53 | NOTE | |
| r-devel-linux-x86_64-debian-gcc | 1.0.0 | 14.34 | 19.94 | 34.28 | NOTE | |
| r-devel-linux-x86_64-fedora-clang | 1.0.0 | 55.00 | 28.99 | 83.99 | OK | |
| r-devel-linux-x86_64-fedora-gcc | 1.0.0 | 34.00 | 38.42 | 72.42 | OK | |
| r-devel-windows-x86_64 | 1.0.0 | 27.00 | 57.00 | 84.00 | OK | |
| r-patched-linux-x86_64 | 1.0.0 | 22.54 | 23.83 | 46.37 | OK | |
| r-release-linux-x86_64 | 1.0.0 | 19.01 | 23.62 | 42.63 | OK | |
| r-release-macos-arm64 | 1.0.0 | 9.00 | 18.00 | 27.00 | OK | |
| r-release-macos-x86_64 | 1.0.0 | 14.00 | 26.00 | 40.00 | OK | |
| r-release-windows-x86_64 | 1.0.0 | 27.00 | 63.00 | 90.00 | OK | |
| r-oldrel-macos-arm64 | 1.0.0 | 9.00 | 15.00 | 24.00 | OK | |
| r-oldrel-macos-x86_64 | 1.0.0 | 11.00 | 23.00 | 34.00 | OK | |
| r-oldrel-windows-x86_64 | 1.0.0 | 32.00 | 70.00 | 102.00 | OK | 
Version: 1.0.0
Check: CRAN incoming feasibility
Result: NOTE
  Maintainer: ‘Junghi Kim <junghikim0@gmail.com>’
  
  No Authors@R field in DESCRIPTION.
  Please add one, modifying
    Authors@R: c(person(given = "Junghi",
                        family = "Kim",
                        role = c("aut", "cre"),
                        email = "junghikim0@gmail.com"),
                 person(given = "Wei",
                        family = "Pan",
                        role = "aut"))
  as necessary.
Flavors: r-devel-linux-x86_64-debian-clang, r-devel-linux-x86_64-debian-gcc