Last updated on 2024-07-22 01:49:31 CEST.
Flavor | Version | Tinstall | Tcheck | Ttotal | Status | Flags |
---|---|---|---|---|---|---|
r-devel-linux-x86_64-debian-clang | 0.2.0 | 26.66 | 68.88 | 95.54 | NOTE | |
r-devel-linux-x86_64-debian-gcc | 0.2.0 | 18.58 | 48.78 | 67.36 | NOTE | |
r-devel-linux-x86_64-fedora-clang | 0.2.0 | 141.22 | NOTE | |||
r-devel-linux-x86_64-fedora-gcc | 0.2.0 | 152.92 | NOTE | |||
r-devel-windows-x86_64 | 0.2.0 | 25.00 | 92.00 | 117.00 | NOTE | |
r-patched-linux-x86_64 | 0.2.0 | 25.10 | 61.80 | 86.90 | NOTE | |
r-release-linux-x86_64 | 0.2.0 | 23.56 | 63.43 | 86.99 | NOTE | |
r-release-macos-arm64 | 0.2.0 | 47.00 | NOTE | |||
r-release-macos-x86_64 | 0.2.0 | 61.00 | NOTE | |||
r-release-windows-x86_64 | 0.2.0 | 29.00 | 91.00 | 120.00 | NOTE | |
r-oldrel-macos-arm64 | 0.2.0 | 54.00 | NOTE | |||
r-oldrel-macos-x86_64 | 0.2.0 | 75.00 | NOTE | |||
r-oldrel-windows-x86_64 | 0.2.0 | 36.00 | 101.00 | 137.00 | NOTE |
Version: 0.2.0
Check: C++ specification
Result: NOTE
Specified C++11: please drop specification unless essential
Flavors: r-devel-linux-x86_64-debian-clang, r-devel-linux-x86_64-debian-gcc, r-devel-linux-x86_64-fedora-clang, r-devel-linux-x86_64-fedora-gcc, r-devel-windows-x86_64, r-patched-linux-x86_64, r-release-linux-x86_64, r-release-macos-arm64, r-release-macos-x86_64, r-release-windows-x86_64, r-oldrel-macos-arm64, r-oldrel-macos-x86_64, r-oldrel-windows-x86_64