Last updated on 2025-10-31 00:51:11 CET.
| Flavor | Version | Tinstall | Tcheck | Ttotal | Status | Flags | 
|---|---|---|---|---|---|---|
| r-devel-linux-x86_64-debian-clang | 1.0 | 24.21 | 161.65 | 185.86 | NOTE | |
| r-devel-linux-x86_64-debian-gcc | 1.0 | 14.06 | 106.58 | 120.64 | NOTE | |
| r-devel-linux-x86_64-fedora-clang | 1.0 | 48.00 | 246.65 | 294.65 | OK | |
| r-devel-linux-x86_64-fedora-gcc | 1.0 | 49.00 | 228.14 | 277.14 | OK | |
| r-devel-windows-x86_64 | 1.0 | 22.00 | 153.00 | 175.00 | OK | |
| r-patched-linux-x86_64 | 1.0 | 26.00 | 148.30 | 174.30 | OK | |
| r-release-linux-x86_64 | 1.0 | 22.80 | 149.88 | 172.68 | OK | |
| r-release-macos-arm64 | 1.0 | 12.00 | 68.00 | 80.00 | OK | |
| r-release-macos-x86_64 | 1.0 | 22.00 | 133.00 | 155.00 | OK | |
| r-release-windows-x86_64 | 1.0 | 24.00 | 155.00 | 179.00 | OK | |
| r-oldrel-macos-arm64 | 1.0 | 9.00 | 56.00 | 65.00 | OK | |
| r-oldrel-macos-x86_64 | 1.0 | 16.00 | 96.00 | 112.00 | OK | |
| r-oldrel-windows-x86_64 | 1.0 | 32.00 | 199.00 | 231.00 | OK | 
Version: 1.0
Check: CRAN incoming feasibility
Result: NOTE
  Maintainer: ‘Chun Pan <chunpan2003@hotmail.com>’
  
  No Authors@R field in DESCRIPTION.
  Please add one, modifying
    Authors@R: person(given = "Chun",
                      family = "Pan",
                      role = c("aut", "cre"),
                      email = "chunpan2003@hotmail.com")
  as necessary.
Flavors: r-devel-linux-x86_64-debian-clang, r-devel-linux-x86_64-debian-gcc