Last updated on 2025-10-31 00:51:11 CET.
| Flavor | Version | Tinstall | Tcheck | Ttotal | Status | Flags | 
|---|---|---|---|---|---|---|
| r-devel-linux-x86_64-debian-clang | 0.2.0 | 12.27 | 89.40 | 101.67 | NOTE | |
| r-devel-linux-x86_64-debian-gcc | 0.2.0 | 9.16 | 62.44 | 71.60 | NOTE | |
| r-devel-linux-x86_64-fedora-clang | 0.2.0 | 29.00 | 133.37 | 162.37 | OK | |
| r-devel-linux-x86_64-fedora-gcc | 0.2.0 | 26.00 | 120.93 | 146.93 | OK | |
| r-devel-windows-x86_64 | 0.2.0 | 13.00 | 97.00 | 110.00 | OK | |
| r-patched-linux-x86_64 | 0.2.0 | 14.37 | 84.17 | 98.54 | OK | |
| r-release-linux-x86_64 | 0.2.0 | 12.35 | 83.89 | 96.24 | OK | |
| r-release-macos-arm64 | 0.2.0 | 6.00 | 43.00 | 49.00 | OK | |
| r-release-macos-x86_64 | 0.2.0 | 13.00 | 68.00 | 81.00 | OK | |
| r-release-windows-x86_64 | 0.2.0 | 13.00 | 101.00 | 114.00 | OK | |
| r-oldrel-macos-arm64 | 0.2.0 | 5.00 | 33.00 | 38.00 | OK | |
| r-oldrel-macos-x86_64 | 0.2.0 | 10.00 | 60.00 | 70.00 | OK | |
| r-oldrel-windows-x86_64 | 0.2.0 | 18.00 | 124.00 | 142.00 | OK | 
Version: 0.2.0
Check: CRAN incoming feasibility
Result: NOTE
  Maintainer: ‘Laura Vicente-Gonzalez <laura20vg@usal.es>’
  
  No Authors@R field in DESCRIPTION.
  Please add one, modifying
    Authors@R: c(person(given = "Laura",
                        family = "Vicente-Gonzalez",
                        role = c("aut", "cre"),
                        email = "laura20vg@usal.es"),
                 person(given = c("Jose", "Luis"),
                        family = "Vicente-Villardon",
                        role = "aut"))
  as necessary.
Flavors: r-devel-linux-x86_64-debian-clang, r-devel-linux-x86_64-debian-gcc