Last updated on 2024-05-23 01:58:04 CEST.
Flavor | Version | Tinstall | Tcheck | Ttotal | Status | Flags |
---|---|---|---|---|---|---|
r-devel-linux-x86_64-debian-clang | 2.69.3 | 26.57 | 132.07 | 158.64 | OK | |
r-devel-linux-x86_64-debian-gcc | 2.69.3 | 17.88 | 95.44 | 113.32 | OK | |
r-devel-linux-x86_64-fedora-clang | 2.69.3 | 195.21 | NOTE | |||
r-devel-linux-x86_64-fedora-gcc | 2.69.3 | 198.22 | OK | |||
r-devel-windows-x86_64 | 2.69.3 | 19.00 | 119.00 | 138.00 | NOTE | |
r-patched-linux-x86_64 | 2.69.3 | 26.26 | 127.33 | 153.59 | OK | |
r-release-linux-x86_64 | 2.69.3 | 25.22 | 128.49 | 153.71 | OK | |
r-release-macos-arm64 | 2.69.3 | 80.00 | NOTE | |||
r-release-windows-x86_64 | 2.69.3 | 18.00 | 126.00 | 144.00 | NOTE | |
r-oldrel-macos-arm64 | 2.69.3 | 53.00 | NOTE | |||
r-oldrel-macos-x86_64 | 2.69.3 | 186.00 | NOTE | |||
r-oldrel-windows-x86_64 | 2.69.3 | 22.00 | 139.00 | 161.00 | NOTE |
Version: 2.69.3
Check: installed package size
Result: NOTE
installed size is 5.4Mb
sub-directories of 1Mb or more:
doc 1.4Mb
examples 1.7Mb
Flavors: r-devel-linux-x86_64-fedora-clang, r-devel-windows-x86_64, r-release-macos-arm64, r-release-windows-x86_64, r-oldrel-macos-arm64, r-oldrel-macos-x86_64, r-oldrel-windows-x86_64