Last updated on 2025-10-31 00:51:11 CET.
| Flavor | Version | Tinstall | Tcheck | Ttotal | Status | Flags | 
|---|---|---|---|---|---|---|
| r-devel-linux-x86_64-debian-clang | 1.0 | 5.99 | 57.88 | 63.87 | NOTE | |
| r-devel-linux-x86_64-debian-gcc | 1.0 | 4.09 | 41.48 | 45.57 | NOTE | |
| r-devel-linux-x86_64-fedora-clang | 1.0 | 13.00 | 95.59 | 108.59 | OK | |
| r-devel-linux-x86_64-fedora-gcc | 1.0 | 13.00 | 80.22 | 93.22 | OK | |
| r-devel-windows-x86_64 | 1.0 | 8.00 | 69.00 | 77.00 | OK | |
| r-patched-linux-x86_64 | 1.0 | 5.94 | 54.85 | 60.79 | OK | |
| r-release-linux-x86_64 | 1.0 | 5.67 | 54.34 | 60.01 | OK | |
| r-release-macos-arm64 | 1.0 | 3.00 | 23.00 | 26.00 | OK | |
| r-release-macos-x86_64 | 1.0 | 6.00 | 40.00 | 46.00 | OK | |
| r-release-windows-x86_64 | 1.0 | 8.00 | 70.00 | 78.00 | OK | |
| r-oldrel-macos-arm64 | 1.0 | 2.00 | 22.00 | 24.00 | OK | |
| r-oldrel-macos-x86_64 | 1.0 | 4.00 | 33.00 | 37.00 | OK | |
| r-oldrel-windows-x86_64 | 1.0 | 11.00 | 87.00 | 98.00 | OK | 
Version: 1.0
Check: CRAN incoming feasibility
Result: NOTE
  Maintainer: ‘Yukun Zhang <yukzhang@ucalgary.ca>’
  
  No Authors@R field in DESCRIPTION.
  Please add one, modifying
    Authors@R: c(person(given = "Yukun",
                        family = "Zhang",
                        role = c("aut", "cre"),
                        email = "yukzhang@ucalgary.ca"),
                 person(given = "Milad",
                        family = "Yavari",
                        role = "aut"),
                 person(given = "Bob",
                        family = "Haennel",
                        role = "aut"),
                 person(given = "Haocheng",
                        family = "Li",
                        role = c("aut", "ctb")))
  as necessary.
Flavors: r-devel-linux-x86_64-debian-clang, r-devel-linux-x86_64-debian-gcc