Last updated on 2025-02-22 00:49:54 CET.
Flavor | Version | Tinstall | Tcheck | Ttotal | Status | Flags |
---|---|---|---|---|---|---|
r-devel-linux-x86_64-debian-clang | 1.2.5 | 7.07 | 65.43 | 72.50 | NOTE | |
r-devel-linux-x86_64-debian-gcc | 1.2.5 | 5.40 | 48.34 | 53.74 | NOTE | |
r-devel-linux-x86_64-fedora-clang | 1.2.5 | 117.03 | NOTE | |||
r-devel-linux-x86_64-fedora-gcc | 1.2.5 | 111.13 | NOTE | |||
r-devel-macos-arm64 | 1.2.5 | 34.00 | NOTE | |||
r-devel-macos-x86_64 | 1.2.5 | 68.00 | NOTE | |||
r-devel-windows-x86_64 | 1.2.5 | 8.00 | 82.00 | 90.00 | NOTE | |
r-patched-linux-x86_64 | 1.2.5 | 6.48 | 63.10 | 69.58 | NOTE | |
r-release-linux-x86_64 | 1.2.5 | 6.50 | 61.94 | 68.44 | NOTE | |
r-release-macos-arm64 | 1.2.5 | 35.00 | NOTE | |||
r-release-macos-x86_64 | 1.2.5 | 53.00 | NOTE | |||
r-release-windows-x86_64 | 1.2.5 | 9.00 | 82.00 | 91.00 | NOTE | |
r-oldrel-macos-arm64 | 1.2.5 | 42.00 | OK | |||
r-oldrel-macos-x86_64 | 1.2.5 | 62.00 | OK | |||
r-oldrel-windows-x86_64 | 1.2.5 | 10.00 | 95.00 | 105.00 | OK |
Version: 1.2.5
Check: Rd files
Result: NOTE
checkRd: (-1) PAS-package.Rd:30: Lost braces
30 | {\code{bin model}}{\cr Zhiqiu Hu, Zhiquan Wang, and Shizhong Xu (2012) An infinitesimal model for quantitative trait genomic value prediction. PloS ONE 7: e41336.}
| ^
Flavors: r-devel-linux-x86_64-debian-clang, r-devel-linux-x86_64-debian-gcc, r-devel-linux-x86_64-fedora-clang, r-devel-linux-x86_64-fedora-gcc, r-devel-macos-arm64, r-devel-macos-x86_64, r-devel-windows-x86_64, r-patched-linux-x86_64, r-release-linux-x86_64, r-release-macos-arm64, r-release-macos-x86_64, r-release-windows-x86_64