Last updated on 2025-02-22 00:49:54 CET.
Flavor | Version | Tinstall | Tcheck | Ttotal | Status | Flags |
---|---|---|---|---|---|---|
r-devel-linux-x86_64-debian-clang | 0.0.1 | 4.70 | 58.52 | 63.22 | NOTE | |
r-devel-linux-x86_64-debian-gcc | 0.0.1 | 3.22 | 47.19 | 50.41 | NOTE | |
r-devel-linux-x86_64-fedora-clang | 0.0.1 | 100.05 | NOTE | |||
r-devel-linux-x86_64-fedora-gcc | 0.0.1 | 115.74 | NOTE | |||
r-devel-macos-arm64 | 0.0.1 | 98.00 | OK | |||
r-devel-macos-x86_64 | 0.0.1 | 137.00 | NOTE | |||
r-devel-windows-x86_64 | 0.0.1 | 6.00 | 129.00 | 135.00 | NOTE | |
r-patched-linux-x86_64 | 0.0.1 | 4.26 | 55.60 | 59.86 | OK | |
r-release-linux-x86_64 | 0.0.1 | 4.50 | 55.37 | 59.87 | OK | |
r-release-macos-arm64 | 0.0.1 | 104.00 | OK | |||
r-release-macos-x86_64 | 0.0.1 | 136.00 | OK | |||
r-release-windows-x86_64 | 0.0.1 | 6.00 | 659.00 | 665.00 | OK | |
r-oldrel-macos-arm64 | 0.0.1 | 107.00 | OK | |||
r-oldrel-macos-x86_64 | 0.0.1 | 135.00 | OK | |||
r-oldrel-windows-x86_64 | 0.0.1 | 6.00 | 0.00 | 6.00 | OK |
Version: 0.0.1
Check: DESCRIPTION meta-information
Result: NOTE
Missing dependency on R >= 4.1.0 because package code uses the pipe
|> or function shorthand \(...) syntax added in R 4.1.0.
File(s) using such syntax:
‘OpenRange_sf.R’
Flavors: r-devel-linux-x86_64-debian-clang, r-devel-linux-x86_64-debian-gcc, r-devel-linux-x86_64-fedora-clang, r-devel-linux-x86_64-fedora-gcc, r-devel-macos-x86_64, r-devel-windows-x86_64