Last updated on 2025-02-22 00:49:53 CET.
Flavor | Version | Tinstall | Tcheck | Ttotal | Status | Flags |
---|---|---|---|---|---|---|
r-devel-linux-x86_64-debian-clang | 2.0.2 | 11.64 | 101.81 | 113.45 | NOTE | |
r-devel-linux-x86_64-debian-gcc | 2.0.2 | 7.86 | 69.78 | 77.64 | NOTE | |
r-devel-linux-x86_64-fedora-clang | 2.0.2 | 175.51 | OK | |||
r-devel-linux-x86_64-fedora-gcc | 2.0.2 | 186.49 | OK | |||
r-devel-macos-arm64 | 2.0.2 | 54.00 | OK | |||
r-devel-macos-x86_64 | 2.0.2 | 114.00 | OK | |||
r-devel-windows-x86_64 | 2.0.2 | 12.00 | 108.00 | 120.00 | NOTE | |
r-patched-linux-x86_64 | 2.0.2 | 14.28 | 91.65 | 105.93 | OK | |
r-release-linux-x86_64 | 2.0.2 | 11.17 | 90.94 | 102.11 | OK | |
r-release-macos-arm64 | 2.0.2 | 49.00 | OK | |||
r-release-macos-x86_64 | 2.0.2 | 86.00 | OK | |||
r-release-windows-x86_64 | 2.0.2 | 13.00 | 110.00 | 123.00 | OK | |
r-oldrel-macos-arm64 | 2.0.2 | 59.00 | OK | |||
r-oldrel-macos-x86_64 | 2.0.2 | 96.00 | OK | |||
r-oldrel-windows-x86_64 | 2.0.2 | 17.00 | 136.00 | 153.00 | OK |
Version: 2.0.2
Check: Rd cross-references
Result: NOTE
Found the following Rd file(s) with Rd \link{} targets missing package
anchors:
OmicsPLS.Rd: softImpute
impute_matrix.Rd: softImpute
Please provide package anchors for all Rd \link{} targets not in the
package itself and the base packages.
Flavors: r-devel-linux-x86_64-debian-clang, r-devel-linux-x86_64-debian-gcc, r-devel-windows-x86_64