Last updated on 2025-10-31 00:51:10 CET.
| Flavor | Version | Tinstall | Tcheck | Ttotal | Status | Flags | 
|---|---|---|---|---|---|---|
| r-devel-linux-x86_64-debian-clang | 1.0-10 | 7.94 | 52.82 | 60.76 | NOTE | |
| r-devel-linux-x86_64-debian-gcc | 1.0-10 | 5.51 | 37.02 | 42.53 | NOTE | |
| r-devel-linux-x86_64-fedora-clang | 1.0-10 | 25.00 | 76.58 | 101.58 | OK | |
| r-devel-linux-x86_64-fedora-gcc | 1.0-10 | 19.00 | 70.96 | 89.96 | OK | |
| r-devel-windows-x86_64 | 1.0-10 | 9.00 | 66.00 | 75.00 | OK | |
| r-patched-linux-x86_64 | 1.0-10 | 8.38 | 50.20 | 58.58 | OK | |
| r-release-linux-x86_64 | 1.0-10 | 8.70 | 49.98 | 58.68 | OK | |
| r-release-macos-arm64 | 1.0-10 | 4.00 | 27.00 | 31.00 | OK | |
| r-release-macos-x86_64 | 1.0-10 | 8.00 | 49.00 | 57.00 | OK | |
| r-release-windows-x86_64 | 1.0-10 | 12.00 | 68.00 | 80.00 | OK | |
| r-oldrel-macos-arm64 | 1.0-10 | 4.00 | 23.00 | 27.00 | OK | |
| r-oldrel-macos-x86_64 | 1.0-10 | 6.00 | 36.00 | 42.00 | OK | |
| r-oldrel-windows-x86_64 | 1.0-10 | 14.00 | 79.00 | 93.00 | OK | 
Version: 1.0-10
Check: CRAN incoming feasibility
Result: NOTE
  Maintainer: ‘Albrecht Gebhardt <albrecht.gebhardt@aau.at>’
  
  No Authors@R field in DESCRIPTION.
  Please add one, modifying
    Authors@R: c(person(given = "Petr",
                        family = "Simecek",
                        role = "aut",
                        email = "simecek@gmail.com"),
                 person(given = "Juergen",
                        family = "Pilz",
                        role = "aut",
                        email = "juergen.pilz@aau.at"),
                 person(given = "Mingui",
                        family = "Wang",
                        role = "aut",
                        email = "mail.mwang@gmail.com"),
                 person(given = "Albrecht",
                        family = "Gebhardt.",
                        role = "aut",
                        email = "albrecht.gebhardt@aau.at"),
                 person(given = "Albrecht",
                        family = "Gebhardt",
                        role = "cre",
                        email = "albrecht.gebhardt@aau.at"))
  as necessary.
Flavors: r-devel-linux-x86_64-debian-clang, r-devel-linux-x86_64-debian-gcc