Last updated on 2025-10-31 00:51:10 CET.
| Flavor | Version | Tinstall | Tcheck | Ttotal | Status | Flags | 
|---|---|---|---|---|---|---|
| r-devel-linux-x86_64-debian-clang | 1.2.1 | 79.28 | 46.37 | 125.65 | NOTE | |
| r-devel-linux-x86_64-debian-gcc | 1.2.1 | 57.13 | 32.47 | 89.60 | NOTE | |
| r-devel-linux-x86_64-fedora-clang | 1.2.1 | 149.00 | 102.90 | 251.90 | NOTE | |
| r-devel-linux-x86_64-fedora-gcc | 1.2.1 | 131.00 | 86.67 | 217.67 | NOTE | |
| r-devel-windows-x86_64 | 1.2.1 | 102.00 | 79.00 | 181.00 | NOTE | |
| r-patched-linux-x86_64 | 1.2.1 | 81.33 | 42.74 | 124.07 | NOTE | |
| r-release-linux-x86_64 | 1.2.1 | 79.54 | 42.42 | 121.96 | NOTE | |
| r-release-macos-arm64 | 1.2.1 | 29.00 | 22.00 | 51.00 | NOTE | |
| r-release-macos-x86_64 | 1.2.1 | 27.00 | 41.00 | 68.00 | NOTE | |
| r-release-windows-x86_64 | 1.2.1 | 104.00 | 81.00 | 185.00 | NOTE | |
| r-oldrel-macos-arm64 | 1.2.1 | 16.00 | 21.00 | 37.00 | NOTE | |
| r-oldrel-macos-x86_64 | 1.2.1 | 12.00 | 30.00 | 42.00 | NOTE | |
| r-oldrel-windows-x86_64 | 1.2.1 | 121.00 | 99.00 | 220.00 | NOTE | 
Version: 1.2.1
Check: CRAN incoming feasibility
Result: NOTE
  Maintainer: ‘Olanrewaju Akande <akandelanre13@gmail.com>’
  
  No Authors@R field in DESCRIPTION.
  Please add one, modifying
    Authors@R: c(person(given = "Quanli",
                        family = "Wang",
                        role = "aut"),
                 person(given = "Olanrewaju",
                        family = "Akande",
                        role = c("aut", "cre"),
                        email = "akandelanre13@gmail.com"),
                 person(given = "Jingchen",
                        family = "Hu",
                        role = "aut"),
                 person(given = "Jerry",
                        family = "Reiter",
                        role = "aut"),
                 person(given = "Andres",
                        family = "Barrientos",
                        role = "aut"))
  as necessary.
Flavors: r-devel-linux-x86_64-debian-clang, r-devel-linux-x86_64-debian-gcc
Version: 1.2.1
Check: C++ specification
Result: NOTE
    Specified C++11: please drop specification unless essential
Flavors: r-devel-linux-x86_64-debian-clang, r-devel-linux-x86_64-debian-gcc, r-devel-linux-x86_64-fedora-clang, r-devel-linux-x86_64-fedora-gcc, r-devel-windows-x86_64, r-patched-linux-x86_64, r-release-linux-x86_64, r-release-macos-arm64, r-release-macos-x86_64, r-release-windows-x86_64, r-oldrel-macos-arm64, r-oldrel-macos-x86_64, r-oldrel-windows-x86_64
Version: 1.2.1
Check: installed package size
Result: NOTE
    installed size is  5.2Mb
    sub-directories of 1Mb or more:
      libs   4.5Mb
Flavor: r-oldrel-macos-arm64
Version: 1.2.1
Check: LazyData
Result: NOTE
    'LazyData' is specified without a 'data' directory
Flavors: r-oldrel-macos-arm64, r-oldrel-macos-x86_64, r-oldrel-windows-x86_64
Version: 1.2.1
Check: for GNU extensions in Makefiles
Result: NOTE
  GNU make is a SystemRequirements.
Flavors: r-oldrel-macos-arm64, r-oldrel-macos-x86_64, r-oldrel-windows-x86_64