Last updated on 2025-10-31 00:51:10 CET.
| Flavor | Version | Tinstall | Tcheck | Ttotal | Status | Flags | 
|---|---|---|---|---|---|---|
| r-devel-linux-x86_64-debian-clang | 1.2.0 | 2.51 | 26.77 | 29.28 | NOTE | |
| r-devel-linux-x86_64-debian-gcc | 1.2.0 | 1.96 | 21.37 | 23.33 | NOTE | |
| r-devel-linux-x86_64-fedora-clang | 1.2.0 | 45.98 | OK | |||
| r-devel-linux-x86_64-fedora-gcc | 1.2.0 | 41.99 | OK | |||
| r-devel-windows-x86_64 | 1.2.0 | 3.00 | 45.00 | 48.00 | OK | |
| r-patched-linux-x86_64 | 1.2.0 | 2.05 | 25.82 | 27.87 | OK | |
| r-release-linux-x86_64 | 1.2.0 | 2.55 | 25.71 | 28.26 | OK | |
| r-release-macos-arm64 | 1.2.0 | 2.00 | 20.00 | 22.00 | OK | |
| r-release-macos-x86_64 | 1.2.0 | 4.00 | 27.00 | 31.00 | OK | |
| r-release-windows-x86_64 | 1.2.0 | 4.00 | 48.00 | 52.00 | OK | |
| r-oldrel-macos-arm64 | 1.2.0 | 2.00 | 17.00 | 19.00 | NOTE | |
| r-oldrel-macos-x86_64 | 1.2.0 | 2.00 | 23.00 | 25.00 | NOTE | |
| r-oldrel-windows-x86_64 | 1.2.0 | 4.00 | 56.00 | 60.00 | NOTE | 
Version: 1.2.0
Check: CRAN incoming feasibility
Result: NOTE
  Maintainer: ‘Maya B. Mathur <mmathur@stanford.edu>’
  
  No Authors@R field in DESCRIPTION.
  Please add one, modifying
    Authors@R: c(person(given = c("Maya", "B."),
                        family = "Mathur",
                        role = c("aut", "cre"),
                        email = "mmathur@stanford.edu"),
                 person(given = c("Tyler", "J."),
                        family = "VanderWeele",
                        role = "aut"))
  as necessary.
  
  Package CITATION file contains call(s) to old-style personList() or
  as.personList().  Please use c() on person objects instead.
  Package CITATION file contains call(s) to old-style citEntry().  Please
  use bibentry() instead.
Flavors: r-devel-linux-x86_64-debian-clang, r-devel-linux-x86_64-debian-gcc
Version: 1.2.0
Check: LazyData
Result: NOTE
    'LazyData' is specified without a 'data' directory
Flavors: r-oldrel-macos-arm64, r-oldrel-macos-x86_64, r-oldrel-windows-x86_64