Last updated on 2025-10-31 00:51:10 CET.
| Flavor | Version | Tinstall | Tcheck | Ttotal | Status | Flags | 
|---|---|---|---|---|---|---|
| r-devel-linux-x86_64-debian-clang | 0.1.0 | 1.75 | 22.03 | 23.78 | NOTE | |
| r-devel-linux-x86_64-debian-gcc | 0.1.0 | 1.45 | 18.37 | 19.82 | NOTE | |
| r-devel-linux-x86_64-fedora-clang | 0.1.0 | 39.00 | OK | |||
| r-devel-linux-x86_64-fedora-gcc | 0.1.0 | 54.70 | OK | |||
| r-devel-windows-x86_64 | 0.1.0 | 3.00 | 40.00 | 43.00 | OK | |
| r-patched-linux-x86_64 | 0.1.0 | 1.61 | 20.94 | 22.55 | OK | |
| r-release-linux-x86_64 | 0.1.0 | 1.59 | 20.95 | 22.54 | OK | |
| r-release-macos-arm64 | 0.1.0 | 1.00 | 25.00 | 26.00 | OK | |
| r-release-macos-x86_64 | 0.1.0 | 1.00 | 43.00 | 44.00 | OK | |
| r-release-windows-x86_64 | 0.1.0 | 4.00 | 41.00 | 45.00 | OK | |
| r-oldrel-macos-arm64 | 0.1.0 | 1.00 | 22.00 | 23.00 | NOTE | |
| r-oldrel-macos-x86_64 | 0.1.0 | 2.00 | 37.00 | 39.00 | NOTE | |
| r-oldrel-windows-x86_64 | 0.1.0 | 4.00 | 45.00 | 49.00 | NOTE | 
Version: 0.1.0
Check: CRAN incoming feasibility
Result: NOTE
  Maintainer: ‘Aaron Robotham <aaron.robotham@uwa.edu.au>’
  
  No Authors@R field in DESCRIPTION.
  Please add one, modifying
    Authors@R: person(given = "Aaron",
                      family = "Robotham",
                      role = c("aut", "cre"),
                      email = "aaron.robotham@uwa.edu.au")
  as necessary.
  
  The Description field contains
    Robotham & Howlett (2018) <arXiv:1805.09550>.
  Please refer to arXiv e-prints via their arXiv DOI <doi:10.48550/arXiv.YYMM.NNNNN>.
Flavors: r-devel-linux-x86_64-debian-clang, r-devel-linux-x86_64-debian-gcc
Version: 0.1.0
Check: LazyData
Result: NOTE
    'LazyData' is specified without a 'data' directory
Flavors: r-oldrel-macos-arm64, r-oldrel-macos-x86_64, r-oldrel-windows-x86_64