Last updated on 2025-10-31 00:51:09 CET.
| Flavor | Version | Tinstall | Tcheck | Ttotal | Status | Flags | 
|---|---|---|---|---|---|---|
| r-devel-linux-x86_64-debian-clang | 0.1.0 | 1.88 | 17.74 | 19.62 | NOTE | |
| r-devel-linux-x86_64-debian-gcc | 0.1.0 | 1.06 | 14.94 | 16.00 | NOTE | |
| r-devel-linux-x86_64-fedora-clang | 0.1.0 | 30.49 | NOTE | |||
| r-devel-linux-x86_64-fedora-gcc | 0.1.0 | 27.82 | NOTE | |||
| r-devel-windows-x86_64 | 0.1.0 | 4.00 | 36.00 | 40.00 | OK | |
| r-patched-linux-x86_64 | 0.1.0 | 1.84 | 16.97 | 18.81 | OK | |
| r-release-linux-x86_64 | 0.1.0 | 1.87 | 16.93 | 18.80 | OK | |
| r-release-macos-arm64 | 0.1.0 | 1.00 | 16.00 | 17.00 | OK | |
| r-release-macos-x86_64 | 0.1.0 | 2.00 | 19.00 | 21.00 | OK | |
| r-release-windows-x86_64 | 0.1.0 | 4.00 | 38.00 | 42.00 | OK | |
| r-oldrel-macos-arm64 | 0.1.0 | 1.00 | 15.00 | 16.00 | NOTE | |
| r-oldrel-macos-x86_64 | 0.1.0 | 1.00 | 22.00 | 23.00 | NOTE | |
| r-oldrel-windows-x86_64 | 0.1.0 | 5.00 | 42.00 | 47.00 | NOTE | 
Version: 0.1.0
Check: CRAN incoming feasibility
Result: NOTE
  Maintainer: ‘Kartikeya Bolar <kartikeya.bolar@tapmi.edu.in>’
  
  No Authors@R field in DESCRIPTION.
  Please add one, modifying
    Authors@R: person(given = "Kartikeya",
                      family = "Bolar",
                      role = c("aut", "cre"),
                      email = "kartikeya.bolar@tapmi.edu.in")
  as necessary.
Flavors: r-devel-linux-x86_64-debian-clang, r-devel-linux-x86_64-debian-gcc
Version: 0.1.0
Check: dependencies in R code
Result: NOTE
  Namespaces in Imports field not imported from:
    ‘caret’ ‘datasets’ ‘dplyr’ ‘e1071’ ‘rhandsontable’ ‘shiny’
    All declared Imports should be used.
Flavors: r-devel-linux-x86_64-fedora-clang, r-devel-linux-x86_64-fedora-gcc
Version: 0.1.0
Check: LazyData
Result: NOTE
    'LazyData' is specified without a 'data' directory
Flavors: r-oldrel-macos-arm64, r-oldrel-macos-x86_64, r-oldrel-windows-x86_64