Last updated on 2024-06-03 02:53:20 CEST.
Flavor | Version | Tinstall | Tcheck | Ttotal | Status | Flags |
---|---|---|---|---|---|---|
r-devel-linux-x86_64-debian-clang | 1.6.64 | 65.64 | 183.58 | 249.22 | NOTE | |
r-devel-linux-x86_64-debian-gcc | 1.6.64 | 47.64 | 119.73 | 167.37 | NOTE | |
r-devel-linux-x86_64-fedora-clang | 1.6.64 | 323.50 | NOTE | |||
r-devel-linux-x86_64-fedora-gcc | 1.6.64 | 275.64 | NOTE | |||
r-devel-windows-x86_64 | 1.6.64 | 48.00 | 138.00 | 186.00 | NOTE | |
r-patched-linux-x86_64 | 1.6.64 | 55.35 | 164.40 | 219.75 | NOTE | |
r-release-linux-x86_64 | 1.6.64 | 52.05 | 165.31 | 217.36 | NOTE | |
r-release-macos-arm64 | 1.6.64 | 63.00 | NOTE | |||
r-release-windows-x86_64 | 1.6.64 | 45.00 | 134.00 | 179.00 | NOTE | |
r-oldrel-macos-arm64 | 1.6.64 | 71.00 | NOTE | |||
r-oldrel-macos-x86_64 | 1.6.64 | 135.00 | NOTE | |||
r-oldrel-windows-x86_64 | 1.6.64 | 49.00 | 164.00 | 213.00 | NOTE |
Version: 1.6.64
Check: package dependencies
Result: NOTE
Packages suggested but not available for checking: 'optiSel', 'alstructure'
Packages which this enhances but not available for checking:
'miraculix', 'RandomFieldsUtils', 'MoBPSmaps'
Flavors: r-devel-linux-x86_64-debian-clang, r-devel-linux-x86_64-debian-gcc, r-devel-linux-x86_64-fedora-clang, r-devel-linux-x86_64-fedora-gcc, r-patched-linux-x86_64, r-release-linux-x86_64
Version: 1.6.64
Check: Rd files
Result: NOTE
checkRd: (-1) creating.phenotypic.transform.Rd:20: Lost braces
20 | trafo <- function(x){ return(x^2)}
| ^
Flavors: r-devel-linux-x86_64-debian-clang, r-devel-linux-x86_64-debian-gcc, r-devel-linux-x86_64-fedora-clang, r-devel-linux-x86_64-fedora-gcc, r-devel-windows-x86_64, r-patched-linux-x86_64, r-release-linux-x86_64, r-release-macos-arm64, r-release-windows-x86_64
Version: 1.6.64
Check: package dependencies
Result: NOTE
Package suggested but not available for checking: 'alstructure'
Packages which this enhances but not available for checking:
'miraculix', 'RandomFieldsUtils', 'MoBPSmaps'
Flavors: r-devel-windows-x86_64, r-release-windows-x86_64, r-oldrel-windows-x86_64
Version: 1.6.64
Check: package dependencies
Result: NOTE
Packages suggested but not available for checking:
'doMPI', 'optiSel', 'alstructure'
Packages which this enhances but not available for checking:
'miraculix', 'RandomFieldsUtils', 'MoBPSmaps'
Flavor: r-release-macos-arm64
Version: 1.6.64
Check: package dependencies
Result: NOTE
Packages suggested but not available for checking: 'doMPI', 'alstructure'
Packages which this enhances but not available for checking:
'miraculix', 'RandomFieldsUtils', 'MoBPSmaps'
Flavors: r-oldrel-macos-arm64, r-oldrel-macos-x86_64