Last updated on 2025-11-01 00:50:02 CET.
| Flavor | Version | Tinstall | Tcheck | Ttotal | Status | Flags |
|---|---|---|---|---|---|---|
| r-devel-linux-x86_64-debian-clang | 1.1.1 | 15.63 | 43.05 | 58.68 | OK | |
| r-devel-linux-x86_64-debian-gcc | 1.1.1 | 11.20 | 33.25 | 44.45 | OK | |
| r-devel-linux-x86_64-fedora-clang | 1.1.1 | 95.00 | 14.13 | 109.13 | OK | |
| r-devel-linux-x86_64-fedora-gcc | 1.1.1 | 31.00 | 80.13 | 111.13 | OK | |
| r-devel-windows-x86_64 | 1.1.1 | 23.00 | 75.00 | 98.00 | OK | |
| r-patched-linux-x86_64 | 1.1.1 | 15.97 | 41.45 | 57.42 | OK | |
| r-release-linux-x86_64 | 1.1.1 | 17.18 | 41.39 | 58.57 | OK | |
| r-release-macos-arm64 | 1.1.1 | 10.00 | 37.00 | 47.00 | OK | |
| r-release-macos-x86_64 | 1.1.1 | 11.00 | 59.00 | 70.00 | OK | |
| r-release-windows-x86_64 | 1.1.1 | 24.00 | 75.00 | 99.00 | OK | |
| r-oldrel-macos-arm64 | 1.1.1 | 8.00 | 29.00 | 37.00 | NOTE | |
| r-oldrel-macos-x86_64 | 1.1.1 | 10.00 | 44.00 | 54.00 | NOTE | |
| r-oldrel-windows-x86_64 | 1.1.1 | 28.00 | 94.00 | 122.00 | NOTE |
Version: 1.1.1
Check: installed package size
Result: NOTE
installed size is 5.6Mb
sub-directories of 1Mb or more:
extdata 4.5Mb
Flavors: r-oldrel-macos-arm64, r-oldrel-macos-x86_64, r-oldrel-windows-x86_64