Last updated on 2025-10-31 00:51:07 CET.
| Flavor | Version | Tinstall | Tcheck | Ttotal | Status | Flags | 
|---|---|---|---|---|---|---|
| r-devel-linux-x86_64-debian-clang | 3.0.5 | 27.79 | 132.96 | 160.75 | NOTE | |
| r-devel-linux-x86_64-debian-gcc | 3.1.0 | 19.42 | 98.18 | 117.60 | OK | |
| r-devel-linux-x86_64-fedora-clang | 3.1.0 | 43.00 | 175.32 | 218.32 | OK | |
| r-devel-linux-x86_64-fedora-gcc | 3.1.0 | 46.00 | 127.85 | 173.85 | OK | |
| r-devel-windows-x86_64 | 3.1.0 | 39.00 | 197.00 | 236.00 | OK | |
| r-patched-linux-x86_64 | 3.1.0 | 29.50 | 140.91 | 170.41 | OK | |
| r-release-linux-x86_64 | 3.0.5 | 24.95 | 125.13 | 150.08 | OK | |
| r-release-macos-arm64 | 3.1.0 | 13.00 | 58.00 | 71.00 | OK | |
| r-release-macos-x86_64 | 3.1.0 | 51.00 | 229.00 | 280.00 | OK | |
| r-release-windows-x86_64 | 3.1.0 | 36.00 | 195.00 | 231.00 | OK | |
| r-oldrel-macos-arm64 | 3.1.0 | 15.00 | 65.00 | 80.00 | OK | |
| r-oldrel-macos-x86_64 | 3.1.0 | 47.00 | 230.00 | 277.00 | OK | |
| r-oldrel-windows-x86_64 | 3.0.5 | 44.00 | 193.00 | 237.00 | OK | 
Version: 3.0.5
Check: CRAN incoming feasibility
Result: NOTE
  Maintainer: ‘M Isabel Alcoriza-Balaguer <maribel_alcoriza@iislafe.es>’
  
  No Authors@R field in DESCRIPTION.
  Please add one, modifying
    Authors@R: person(given = c("M", "Isabel"),
                      family = "Alcoriza-Balaguer",
                      role = c("aut", "cre"),
                      email = "maribel_alcoriza@iislafe.es")
  as necessary.
Flavor: r-devel-linux-x86_64-debian-clang