Last updated on 2025-10-31 00:51:07 CET.
| Flavor | Version | Tinstall | Tcheck | Ttotal | Status | Flags | 
|---|---|---|---|---|---|---|
| r-devel-linux-x86_64-debian-clang | 1.2.2 | 13.00 | 101.92 | 114.92 | NOTE | |
| r-devel-linux-x86_64-debian-gcc | 1.2.2 | 9.51 | 71.46 | 80.97 | NOTE | |
| r-devel-linux-x86_64-fedora-clang | 1.2.2 | 24.00 | 144.68 | 168.68 | NOTE | |
| r-devel-linux-x86_64-fedora-gcc | 1.2.2 | 31.00 | 131.64 | 162.64 | NOTE | |
| r-devel-windows-x86_64 | 1.2.2 | 14.00 | 101.00 | 115.00 | OK | |
| r-patched-linux-x86_64 | 1.2.2 | 12.00 | 93.29 | 105.29 | OK | |
| r-release-linux-x86_64 | 1.2.2 | 11.95 | 94.08 | 106.03 | OK | |
| r-release-macos-arm64 | 1.2.2 | 5.00 | 38.00 | 43.00 | OK | |
| r-release-macos-x86_64 | 1.2.2 | 11.00 | 77.00 | 88.00 | OK | |
| r-release-windows-x86_64 | 1.2.2 | 13.00 | 104.00 | 117.00 | OK | |
| r-oldrel-macos-arm64 | 1.2.2 | 5.00 | 36.00 | 41.00 | OK | |
| r-oldrel-macos-x86_64 | 1.2.2 | 7.00 | 60.00 | 67.00 | OK | |
| r-oldrel-windows-x86_64 | 1.2.2 | 17.00 | 132.00 | 149.00 | OK | 
Version: 1.2.2
Check: CRAN incoming feasibility
Result: NOTE
  Maintainer: ‘Travis Barton <travisdatabarton@gmail.com>’
  
  No Authors@R field in DESCRIPTION.
  Please add one, modifying
    Authors@R: person(given = "Travis",
                      family = "Barton",
                      role = c("aut", "cre"),
                      email = "travisdatabarton@gmail.com",
                      comment = "2018")
  as necessary.
Flavors: r-devel-linux-x86_64-debian-clang, r-devel-linux-x86_64-debian-gcc
Version: 1.2.2
Check: dependencies in R code
Result: NOTE
  Namespaces in Imports field not imported from:
    ‘SnowballC’ ‘data.table’ ‘e1071’ ‘fastmatch’
    All declared Imports should be used.
Flavors: r-devel-linux-x86_64-fedora-clang, r-devel-linux-x86_64-fedora-gcc