Last updated on 2025-10-31 00:51:07 CET.
| Flavor | Version | Tinstall | Tcheck | Ttotal | Status | Flags | 
|---|---|---|---|---|---|---|
| r-devel-linux-x86_64-debian-clang | 1.5 | 3.27 | 28.93 | 32.20 | NOTE | |
| r-devel-linux-x86_64-debian-gcc | 1.5 | 2.39 | 21.99 | 24.38 | NOTE | |
| r-devel-linux-x86_64-fedora-clang | 1.5 | 15.00 | 35.65 | 50.65 | OK | |
| r-devel-linux-x86_64-fedora-gcc | 1.5 | 46.18 | OK | |||
| r-devel-windows-x86_64 | 1.5 | 5.00 | 51.00 | 56.00 | OK | |
| r-patched-linux-x86_64 | 1.5 | 3.78 | 27.77 | 31.55 | OK | |
| r-release-linux-x86_64 | 1.5 | 2.40 | 27.78 | 30.18 | OK | |
| r-release-macos-arm64 | 1.5 | 1.00 | 18.00 | 19.00 | OK | |
| r-release-macos-x86_64 | 1.5 | 3.00 | 26.00 | 29.00 | OK | |
| r-release-windows-x86_64 | 1.5 | 5.00 | 54.00 | 59.00 | OK | |
| r-oldrel-macos-arm64 | 1.5 | 2.00 | 15.00 | 17.00 | NOTE | |
| r-oldrel-macos-x86_64 | 1.5 | 2.00 | 30.00 | 32.00 | NOTE | |
| r-oldrel-windows-x86_64 | 1.5 | 6.00 | 60.00 | 66.00 | NOTE | 
Version: 1.5
Check: CRAN incoming feasibility
Result: NOTE
  Maintainer: ‘Alvaro Briz-Redon <albrizre@gmail.com>’
  
  No Authors@R field in DESCRIPTION.
  Please add one, modifying
    Authors@R: c(person(given = "Alvaro",
                        family = "Briz-Redon",
                        role = c("aut", "cre"),
                        email = "albrizre@gmail.com"),
                 person(given = "Angel",
                        family = "Serrano-Aroca",
                        role = "aut"))
  as necessary.
  
  Package CITATION file contains call(s) to old-style personList() or
  as.personList().  Please use c() on person objects instead.
  Package CITATION file contains call(s) to old-style citEntry().  Please
  use bibentry() instead.
Flavors: r-devel-linux-x86_64-debian-clang, r-devel-linux-x86_64-debian-gcc
Version: 1.5
Check: LazyData
Result: NOTE
    'LazyData' is specified without a 'data' directory
Flavors: r-oldrel-macos-arm64, r-oldrel-macos-x86_64, r-oldrel-windows-x86_64