Last updated on 2025-02-22 00:49:48 CET.
Flavor | Version | Tinstall | Tcheck | Ttotal | Status | Flags |
---|---|---|---|---|---|---|
r-devel-linux-x86_64-debian-clang | 2.15.1 | 4.10 | 51.90 | 56.00 | NOTE | |
r-devel-linux-x86_64-debian-gcc | 2.15.1 | 3.39 | 39.23 | 42.62 | NOTE | |
r-devel-linux-x86_64-fedora-clang | 2.15.1 | 90.98 | OK | |||
r-devel-linux-x86_64-fedora-gcc | 2.15.1 | 100.16 | OK | |||
r-devel-macos-arm64 | 2.15.1 | 41.00 | OK | |||
r-devel-macos-x86_64 | 2.15.1 | 82.00 | OK | |||
r-devel-windows-x86_64 | 2.15.1 | 6.00 | 122.00 | 128.00 | OK | |
r-patched-linux-x86_64 | 2.15.1 | 5.11 | 48.35 | 53.46 | OK | |
r-release-linux-x86_64 | 2.15.1 | 3.70 | 48.10 | 51.80 | OK | |
r-release-macos-arm64 | 2.15.1 | 47.00 | OK | |||
r-release-macos-x86_64 | 2.15.1 | 72.00 | OK | |||
r-release-windows-x86_64 | 2.15.1 | 5.00 | 120.00 | 125.00 | OK | |
r-oldrel-macos-arm64 | 2.15.1 | 43.00 | OK | |||
r-oldrel-macos-x86_64 | 2.15.1 | 61.00 | OK | |||
r-oldrel-windows-x86_64 | 2.15.1 | 9.00 | 115.00 | 124.00 | OK |
Version: 2.15.1
Check: for unstated dependencies in ‘demo’
Result: NOTE
'library' or 'require' calls not declared from:
‘coda’ ‘lattice’ ‘survival’
Flavors: r-devel-linux-x86_64-debian-clang, r-devel-linux-x86_64-debian-gcc