Last updated on 2025-10-31 00:51:08 CET.
| Flavor | Version | Tinstall | Tcheck | Ttotal | Status | Flags | 
|---|---|---|---|---|---|---|
| r-devel-linux-x86_64-debian-clang | 1.0 | 4.89 | 56.49 | 61.38 | NOTE | |
| r-devel-linux-x86_64-debian-gcc | 1.0 | 3.76 | 39.64 | 43.40 | NOTE | |
| r-devel-linux-x86_64-fedora-clang | 1.0 | 39.00 | 68.28 | 107.28 | OK | |
| r-devel-linux-x86_64-fedora-gcc | 1.0 | 12.00 | 79.83 | 91.83 | OK | |
| r-devel-windows-x86_64 | 1.0 | 6.00 | 67.00 | 73.00 | OK | |
| r-patched-linux-x86_64 | 1.0 | 4.88 | 54.32 | 59.20 | OK | |
| r-release-linux-x86_64 | 1.0 | 4.97 | 54.27 | 59.24 | OK | |
| r-release-macos-arm64 | 1.0 | 3.00 | 30.00 | 33.00 | OK | |
| r-release-macos-x86_64 | 1.0 | 5.00 | 45.00 | 50.00 | OK | |
| r-release-windows-x86_64 | 1.0 | 6.00 | 70.00 | 76.00 | OK | |
| r-oldrel-macos-arm64 | 1.0 | 3.00 | 24.00 | 27.00 | OK | |
| r-oldrel-macos-x86_64 | 1.0 | 3.00 | 38.00 | 41.00 | OK | |
| r-oldrel-windows-x86_64 | 1.0 | 8.00 | 84.00 | 92.00 | OK | 
Version: 1.0
Check: CRAN incoming feasibility
Result: NOTE
  Maintainer: ‘Mikhail A. Beketov <mikhail.beketov@gmx.de>’
  
  No Authors@R field in DESCRIPTION.
  Please add one, modifying
    Authors@R: person(given = c("Mikhail", "A."),
                      family = "Beketov",
                      role = c("aut", "cre"),
                      email = "mikhail.beketov@gmx.de")
  as necessary.
  
  Found the following \keyword or \concept entries
  which likely give several index terms:
    File ‘LSMonteCarlo-package.Rd’:
      \keyword{ 
        Quantitative Finance
        Option pricing
        Mon [TRUNCATED]
Flavors: r-devel-linux-x86_64-debian-clang, r-devel-linux-x86_64-debian-gcc