Last updated on 2025-10-31 00:51:08 CET.
| Flavor | Version | Tinstall | Tcheck | Ttotal | Status | Flags | 
|---|---|---|---|---|---|---|
| r-devel-linux-x86_64-debian-clang | 3.3 | 18.59 | 135.13 | 153.72 | NOTE | |
| r-devel-linux-x86_64-debian-gcc | 3.3 | 14.17 | 96.52 | 110.69 | NOTE | |
| r-devel-linux-x86_64-fedora-clang | 3.3 | 162.00 | 93.96 | 255.96 | OK | |
| r-devel-linux-x86_64-fedora-gcc | 3.3 | 40.00 | 183.23 | 223.23 | OK | |
| r-devel-windows-x86_64 | 3.3 | 18.00 | 122.00 | 140.00 | OK | |
| r-patched-linux-x86_64 | 3.3 | 16.79 | 127.64 | 144.43 | OK | |
| r-release-linux-x86_64 | 3.3 | 18.27 | 127.12 | 145.39 | OK | |
| r-release-macos-arm64 | 3.3 | 7.00 | 48.00 | 55.00 | OK | |
| r-release-macos-x86_64 | 3.3 | 12.00 | 91.00 | 103.00 | OK | |
| r-release-windows-x86_64 | 3.3 | 18.00 | 133.00 | 151.00 | OK | |
| r-oldrel-macos-arm64 | 3.3 | 7.00 | 49.00 | 56.00 | OK | |
| r-oldrel-macos-x86_64 | 3.3 | 10.00 | 109.00 | 119.00 | OK | |
| r-oldrel-windows-x86_64 | 3.3 | 25.00 | 162.00 | 187.00 | OK | 
Version: 3.3
Check: CRAN incoming feasibility
Result: NOTE
  Maintainer: ‘Kaijun Wang <kaijunwang.19@gmail.com>’
  
  No Authors@R field in DESCRIPTION.
  Please add one, modifying
    Authors@R: c(person(given = "Subhadeep",
                        family = "Mukhopadhyay",
                        role = "aut"),
                 person(given = "Kaijun",
                        family = "Wang",
                        role = c("aut", "cre"),
                        email = "kaijunwang.19@gmail.com"))
  as necessary.
  
  The Description field contains
    S., and Wang, K (2021, <arXiv:2004.09588>).
  Please refer to arXiv e-prints via their arXiv DOI <doi:10.48550/arXiv.YYMM.NNNNN>.
Flavors: r-devel-linux-x86_64-debian-clang, r-devel-linux-x86_64-debian-gcc