Last updated on 2025-10-31 00:51:07 CET.
| Flavor | Version | Tinstall | Tcheck | Ttotal | Status | Flags | 
|---|---|---|---|---|---|---|
| r-devel-linux-x86_64-debian-clang | 0.3.0 | 8.10 | 87.73 | 95.83 | NOTE | |
| r-devel-linux-x86_64-debian-gcc | 0.3.0 | 6.46 | 65.84 | 72.30 | NOTE | |
| r-devel-linux-x86_64-fedora-clang | 0.3.0 | 34.00 | 116.75 | 150.75 | OK | |
| r-devel-linux-x86_64-fedora-gcc | 0.3.0 | 18.00 | 116.81 | 134.81 | OK | |
| r-devel-windows-x86_64 | 0.3.0 | 11.00 | 96.00 | 107.00 | OK | |
| r-patched-linux-x86_64 | 0.3.0 | 8.60 | 82.21 | 90.81 | OK | |
| r-release-linux-x86_64 | 0.3.0 | 8.88 | 82.61 | 91.49 | OK | |
| r-release-macos-arm64 | 0.3.0 | 8.00 | 57.00 | 65.00 | OK | |
| r-release-macos-x86_64 | 0.3.0 | 12.00 | 85.00 | 97.00 | OK | |
| r-release-windows-x86_64 | 0.3.0 | 10.00 | 100.00 | 110.00 | OK | |
| r-oldrel-macos-arm64 | 0.3.0 | 8.00 | 50.00 | 58.00 | OK | |
| r-oldrel-macos-x86_64 | 0.3.0 | 13.00 | 79.00 | 92.00 | OK | |
| r-oldrel-windows-x86_64 | 0.3.0 | 14.00 | 118.00 | 132.00 | OK | 
Version: 0.3.0
Check: CRAN incoming feasibility
Result: NOTE
  Maintainer: ‘Zihuai He <zihuai@stanford.edu>’
  
  No Authors@R field in DESCRIPTION.
  Please add one, modifying
    Authors@R: person(given = "Zihuai",
                      family = "He",
                      role = c("aut", "cre"),
                      email = "zihuai@stanford.edu")
  as necessary.
Flavors: r-devel-linux-x86_64-debian-clang, r-devel-linux-x86_64-debian-gcc