Last updated on 2025-10-31 00:51:07 CET.
| Flavor | Version | Tinstall | Tcheck | Ttotal | Status | Flags | 
|---|---|---|---|---|---|---|
| r-devel-linux-x86_64-debian-clang | 0.1.3 | 9.14 | 77.50 | 86.64 | NOTE | |
| r-devel-linux-x86_64-debian-gcc | 0.1.3 | 6.26 | 54.82 | 61.08 | NOTE | |
| r-devel-linux-x86_64-fedora-clang | 0.1.3 | 28.00 | 112.81 | 140.81 | NOTE | |
| r-devel-linux-x86_64-fedora-gcc | 0.1.3 | 46.00 | 91.59 | 137.59 | NOTE | |
| r-devel-windows-x86_64 | 0.1.3 | 10.00 | 83.00 | 93.00 | OK | |
| r-patched-linux-x86_64 | 0.1.3 | 9.10 | 72.48 | 81.58 | OK | |
| r-release-linux-x86_64 | 0.1.3 | 7.49 | 72.88 | 80.37 | OK | |
| r-release-macos-arm64 | 0.1.3 | 5.00 | 35.00 | 40.00 | OK | |
| r-release-macos-x86_64 | 0.1.3 | 7.00 | 51.00 | 58.00 | OK | |
| r-release-windows-x86_64 | 0.1.3 | 10.00 | 85.00 | 95.00 | OK | |
| r-oldrel-macos-arm64 | 0.1.3 | 4.00 | 27.00 | 31.00 | OK | |
| r-oldrel-macos-x86_64 | 0.1.3 | 6.00 | 43.00 | 49.00 | OK | |
| r-oldrel-windows-x86_64 | 0.1.3 | 14.00 | 108.00 | 122.00 | OK | 
Version: 0.1.3
Check: CRAN incoming feasibility
Result: NOTE
  Maintainer: ‘Xiaomeng Yuan <xiaomeng.yuan@stjude.org>’
  
  No Authors@R field in DESCRIPTION.
  Please add one, modifying
    Authors@R: c(person(given = "Xiaomeng",
                        family = "Yuan",
                        role = c("aut", "cre"),
                        email = "xiaomeng.yuan@stjude.org"),
                 person(given = "Chen",
                        family = "Li",
                        role = "aut"),
                 person(given = "Hongying",
                        family = "Sun",
                        role = "aut"),
                 person(given = "Li",
                        family = "Tang",
                        role = "aut"),
                 person(given = "Haitao",
                        family = "Pan",
                        role = "aut"))
  as necessary.
Flavors: r-devel-linux-x86_64-debian-clang, r-devel-linux-x86_64-debian-gcc
Version: 0.1.3
Check: Rd files
Result: NOTE
  checkRd: (-1) get.decision.obd.kb.Rd:84-91: Only 7 columns allowed in this table (row 1 has 6)
  checkRd: (-1) get.decision.obd.kb.Rd:84-91: Only 7 columns allowed in this table (row 2 has 6)
  checkRd: (-1) get.decision.obd.kb.Rd:84-91: Only 7 columns allowed in this table (row 3 has 6)
  checkRd: (-1) get.decision.obd.kb.Rd:84-91: Only 7 columns allowed in this table (row 4 has 6)
  checkRd: (-1) get.decision.obd.kb.Rd:84-91: Only 7 columns allowed in this table (row 5 has 6)
  checkRd: (-1) get.decision.obd.kb.Rd:84-91: Only 7 columns allowed in this table (row 6 has 6)
  checkRd: (-1) get.decision.obd2.kb.Rd:68-74: Only 6 columns allowed in this table (row 1 has 5)
  checkRd: (-1) get.decision.obd2.kb.Rd:68-74: Only 6 columns allowed in this table (row 2 has 5)
  checkRd: (-1) get.decision.obd2.kb.Rd:68-74: Only 6 columns allowed in this table (row 3 has 5)
  checkRd: (-1) get.decision.obd2.kb.Rd:68-74: Only 6 columns allowed in this table (row 4 has 5)
  checkRd: (-1) get.decision.obd2.kb.Rd:68-74: Only 6 columns allowed in this table (row 5 has 5)
Flavors: r-devel-linux-x86_64-debian-clang, r-devel-linux-x86_64-debian-gcc, r-devel-linux-x86_64-fedora-clang, r-devel-linux-x86_64-fedora-gcc