Last updated on 2025-10-31 00:51:07 CET.
| Flavor | Version | Tinstall | Tcheck | Ttotal | Status | Flags | 
|---|---|---|---|---|---|---|
| r-devel-linux-x86_64-debian-clang | 1.4.0 | 2.27 | 30.45 | 32.72 | NOTE | |
| r-devel-linux-x86_64-debian-gcc | 1.4.0 | 1.98 | 23.38 | 25.36 | NOTE | |
| r-devel-linux-x86_64-fedora-clang | 1.4.0 | 51.93 | NOTE | |||
| r-devel-linux-x86_64-fedora-gcc | 1.4.0 | 47.35 | NOTE | |||
| r-devel-windows-x86_64 | 1.4.0 | 4.00 | 48.00 | 52.00 | NOTE | |
| r-patched-linux-x86_64 | 1.4.0 | 2.77 | 28.91 | 31.68 | NOTE | |
| r-release-linux-x86_64 | 1.4.0 | 2.48 | 29.05 | 31.53 | NOTE | |
| r-release-macos-arm64 | 1.4.0 | 1.00 | 18.00 | 19.00 | NOTE | |
| r-release-macos-x86_64 | 1.4.0 | 2.00 | 38.00 | 40.00 | NOTE | |
| r-release-windows-x86_64 | 1.4.0 | 3.00 | 49.00 | 52.00 | NOTE | |
| r-oldrel-macos-arm64 | 1.4.0 | 1.00 | 16.00 | 17.00 | NOTE | |
| r-oldrel-macos-x86_64 | 1.4.0 | 3.00 | 25.00 | 28.00 | NOTE | |
| r-oldrel-windows-x86_64 | 1.4.0 | 4.00 | 55.00 | 59.00 | NOTE | 
Version: 1.4.0
Check: CRAN incoming feasibility
Result: NOTE
  Maintainer: ‘Phil Novack-Gottshall <pnovack-gottshall@ben.edu>’
  
  No Authors@R field in DESCRIPTION.
  Please add one, modifying
    Authors@R: c(person(given = "Phil",
                        family = "Novack-Gottshall",
                        role = c("aut", "cre"),
                        email = "pnovack-gottshall@ben.edu"),
                 person(given = c("Steve", "C."),
                        family = "Wang",
                        role = "aut"))
  as necessary.
Flavors: r-devel-linux-x86_64-debian-clang, r-devel-linux-x86_64-debian-gcc
Version: 1.4.0
Check: Rd files
Result: NOTE
  checkRd: (-1) ks_test_stat.Rd:14: Lost braces
      14 | are valid. See /code{LcKS} for accepted functions.}
         |                     ^
Flavors: r-devel-linux-x86_64-debian-clang, r-devel-linux-x86_64-debian-gcc, r-devel-linux-x86_64-fedora-clang, r-devel-linux-x86_64-fedora-gcc, r-devel-windows-x86_64, r-patched-linux-x86_64, r-release-linux-x86_64, r-release-macos-arm64, r-release-macos-x86_64, r-release-windows-x86_64, r-oldrel-macos-arm64, r-oldrel-macos-x86_64, r-oldrel-windows-x86_64
Version: 1.4.0
Check: LazyData
Result: NOTE
    'LazyData' is specified without a 'data' directory
Flavors: r-oldrel-macos-arm64, r-oldrel-macos-x86_64, r-oldrel-windows-x86_64