Last updated on 2025-10-31 00:51:06 CET.
| Flavor | Version | Tinstall | Tcheck | Ttotal | Status | Flags | 
|---|---|---|---|---|---|---|
| r-devel-linux-x86_64-debian-clang | 0.3-4 | 11.44 | 33.58 | 45.02 | NOTE | |
| r-devel-linux-x86_64-debian-gcc | 0.3-4 | 8.76 | 27.50 | 36.26 | NOTE | |
| r-devel-linux-x86_64-fedora-clang | 0.3-4 | 43.00 | 33.76 | 76.76 | OK | |
| r-devel-linux-x86_64-fedora-gcc | 0.3-4 | 31.00 | 54.64 | 85.64 | OK | |
| r-devel-windows-x86_64 | 0.3-4 | 15.00 | 72.00 | 87.00 | OK | |
| r-patched-linux-x86_64 | 0.3-4 | 12.90 | 32.07 | 44.97 | OK | |
| r-release-linux-x86_64 | 0.3-4 | 13.40 | 32.32 | 45.72 | OK | |
| r-release-macos-arm64 | 0.3-4 | 5.00 | 24.00 | 29.00 | OK | |
| r-release-macos-x86_64 | 0.3-4 | 8.00 | 46.00 | 54.00 | OK | |
| r-release-windows-x86_64 | 0.3-4 | 16.00 | 74.00 | 90.00 | OK | |
| r-oldrel-macos-arm64 | 0.3-4 | 6.00 | 22.00 | 28.00 | OK | |
| r-oldrel-macos-x86_64 | 0.3-4 | 8.00 | 37.00 | 45.00 | OK | |
| r-oldrel-windows-x86_64 | 0.3-4 | 22.00 | 84.00 | 106.00 | OK | 
Version: 0.3-4
Check: CRAN incoming feasibility
Result: NOTE
  Maintainer: ‘Bill Venables <Bill.Venables@gmail.com>’
  
  No Authors@R field in DESCRIPTION.
  Please add one, modifying
    Authors@R: person(given = "Bill",
                      family = "Venables",
                      role = c("aut", "cre"),
                      email = "bill.venables@gmail.com")
  as necessary.
Flavors: r-devel-linux-x86_64-debian-clang, r-devel-linux-x86_64-debian-gcc