Last updated on 2025-10-31 00:51:06 CET.
| Flavor | Version | Tinstall | Tcheck | Ttotal | Status | Flags | 
|---|---|---|---|---|---|---|
| r-devel-linux-x86_64-debian-clang | 2.3.0 | 11.47 | 142.56 | 154.03 | NOTE | |
| r-devel-linux-x86_64-debian-gcc | 2.3.0 | 7.24 | 101.62 | 108.86 | NOTE | |
| r-devel-linux-x86_64-fedora-clang | 2.3.0 | 45.00 | 204.19 | 249.19 | NOTE | |
| r-devel-linux-x86_64-fedora-gcc | 2.3.0 | 22.00 | 216.08 | 238.08 | NOTE | |
| r-devel-windows-x86_64 | 2.3.0 | 12.00 | 157.00 | 169.00 | NOTE | |
| r-patched-linux-x86_64 | 2.3.0 | 10.94 | 137.93 | 148.87 | NOTE | |
| r-release-linux-x86_64 | 2.3.0 | 10.95 | 137.80 | 148.75 | NOTE | |
| r-release-macos-arm64 | 2.3.0 | 5.00 | 79.00 | 84.00 | NOTE | |
| r-release-macos-x86_64 | 2.3.0 | 7.00 | 134.00 | 141.00 | NOTE | |
| r-release-windows-x86_64 | 2.3.0 | 12.00 | 164.00 | 176.00 | NOTE | |
| r-oldrel-macos-arm64 | 2.3.0 | 5.00 | 61.00 | 66.00 | NOTE | |
| r-oldrel-macos-x86_64 | 2.3.0 | 7.00 | 110.00 | 117.00 | NOTE | |
| r-oldrel-windows-x86_64 | 2.3.0 | 16.00 | 205.00 | 221.00 | NOTE | 
Version: 2.3.0
Check: CRAN incoming feasibility
Result: NOTE
  Maintainer: ‘Ivan Fuentes <jivfur@tamu.edu>’
  
  No Authors@R field in DESCRIPTION.
  Please add one, modifying
    Authors@R: c(person(given = "Ivan",
                        family = "Fuentes",
                        role = c("aut", "cre"),
                        email = "jivfur@tamu.edu"),
                 person(given = "Thomas",
                        family = "DeWitt",
                        role = "aut"),
                 person(given = "Thomas",
                        family = "Ioerger",
                        role = "aut"),
                 person(given = "Michael",
                        family = "Bishop",
                        role = "aut"))
  as necessary.
  
  The Description field contains
    proposed in Chen(2013) <arXiv:1606.03658>.
  Please refer to arXiv e-prints via their arXiv DOI <doi:10.48550/arXiv.YYMM.NNNNN>.
Flavors: r-devel-linux-x86_64-debian-clang, r-devel-linux-x86_64-debian-gcc
Version: 2.3.0
Check: Rd files
Result: NOTE
  checkRd: (-1) saveFile.Rd:15: Lost braces; missing escapes or markup?
      15 | \code{saveFile} Saves a csv report with the following columns: Convex Hull Area, Convex Hull Centroid X, Convex Hull Centroid Y, Sample Size, Ichen, Iscaled, pvalue , Mean, MeanScaled, STD DEV, SDScaled, Q_{1\%}, Q_{1\%Scaled}, $Q_{99\%}, Q_{99\%Scaled}, Max, Max_{Scaled}, Min, Min_{Scaled}, Skew,Skew_Scaled, Kutorsis,Kutorsis_Scaled.
         |                                                                                                                                                                                                               ^
  checkRd: (-1) saveFile.Rd:15: Lost braces; missing escapes or markup?
      15 | \code{saveFile} Saves a csv report with the following columns: Convex Hull Area, Convex Hull Centroid X, Convex Hull Centroid Y, Sample Size, Ichen, Iscaled, pvalue , Mean, MeanScaled, STD DEV, SDScaled, Q_{1\%}, Q_{1\%Scaled}, $Q_{99\%}, Q_{99\%Scaled}, Max, Max_{Scaled}, Min, Min_{Scaled}, Skew,Skew_Scaled, Kutorsis,Kutorsis_Scaled.
         |                                                                                                                                                                                                                        ^
  checkRd: (-1) saveFile.Rd:15: Lost braces; missing escapes or markup?
      15 | \code{saveFile} Saves a csv report with the following columns: Convex Hull Area, Convex Hull Centroid X, Convex Hull Centroid Y, Sample Size, Ichen, Iscaled, pvalue , Mean, MeanScaled, STD DEV, SDScaled, Q_{1\%}, Q_{1\%Scaled}, $Q_{99\%}, Q_{99\%Scaled}, Max, Max_{Scaled}, Min, Min_{Scaled}, Skew,Skew_Scaled, Kutorsis,Kutorsis_Scaled.
         |                                                                                                                                                                                                                                        ^
  checkRd: (-1) saveFile.Rd:15: Lost braces; missing escapes or markup?
      15 | \code{saveFile} Saves a csv report with the following columns: Convex Hull Area, Convex Hull Centroid X, Convex Hull Centroid Y, Sample Size, Ichen, Iscaled, pvalue , Mean, MeanScaled, STD DEV, SDScaled, Q_{1\%}, Q_{1\%Scaled}, $Q_{99\%}, Q_{99\%Scaled}, Max, Max_{Scaled}, Min, Min_{Scaled}, Skew,Skew_Scaled, Kutorsis,Kutorsis_Scaled.
         |                                                                                                                                                                                                                                                  ^
  checkRd: (-1) saveFile.Rd:15: Lost braces; missing escapes or markup?
      15 | \code{saveFile} Saves a csv report with the following columns: Convex Hull Area, Convex Hull Centroid X, Convex Hull Centroid Y, Sample Size, Ichen, Iscaled, pvalue , Mean, MeanScaled, STD DEV, SDScaled, Q_{1\%}, Q_{1\%Scaled}, $Q_{99\%}, Q_{99\%Scaled}, Max, Max_{Scaled}, Min, Min_{Scaled}, Skew,Skew_Scaled, Kutorsis,Kutorsis_Scaled.
         |                                                                                                                                                                                                                                                                         ^
  checkRd: (-1) saveFile.Rd:15: Lost braces; missing escapes or markup?
      15 | \code{saveFile} Saves a csv report with the following columns: Convex Hull Area, Convex Hull Centroid X, Convex Hull Centroid Y, Sample Size, Ichen, Iscaled, pvalue , Mean, MeanScaled, STD DEV, SDScaled, Q_{1\%}, Q_{1\%Scaled}, $Q_{99\%}, Q_{99\%Scaled}, Max, Max_{Scaled}, Min, Min_{Scaled}, Skew,Skew_Scaled, Kutorsis,Kutorsis_Scaled.
         |                                                                                                                                                                                                                                                                                            ^
Flavors: r-devel-linux-x86_64-debian-clang, r-devel-linux-x86_64-debian-gcc, r-devel-linux-x86_64-fedora-clang, r-devel-linux-x86_64-fedora-gcc, r-devel-windows-x86_64, r-patched-linux-x86_64, r-release-linux-x86_64, r-release-macos-arm64, r-release-macos-x86_64, r-release-windows-x86_64, r-oldrel-macos-arm64, r-oldrel-macos-x86_64, r-oldrel-windows-x86_64
Version: 2.3.0
Check: LazyData
Result: NOTE
    'LazyData' is specified without a 'data' directory
Flavors: r-oldrel-macos-arm64, r-oldrel-macos-x86_64, r-oldrel-windows-x86_64