Last updated on 2025-10-31 00:51:06 CET.
| Flavor | Version | Tinstall | Tcheck | Ttotal | Status | Flags | 
|---|---|---|---|---|---|---|
| r-devel-linux-x86_64-debian-clang | 1.3 | 10.61 | 30.46 | 41.07 | NOTE | |
| r-devel-linux-x86_64-debian-gcc | 1.3 | 7.61 | 24.97 | 32.58 | NOTE | |
| r-devel-linux-x86_64-fedora-clang | 1.3 | 39.00 | 34.44 | 73.44 | OK | |
| r-devel-linux-x86_64-fedora-gcc | 1.3 | 30.00 | 47.70 | 77.70 | OK | |
| r-devel-windows-x86_64 | 1.3 | 14.00 | 62.00 | 76.00 | OK | |
| r-patched-linux-x86_64 | 1.3 | 11.04 | 29.16 | 40.20 | OK | |
| r-release-linux-x86_64 | 1.3 | 11.25 | 29.52 | 40.77 | OK | |
| r-release-macos-arm64 | 1.3 | 5.00 | 26.00 | 31.00 | OK | |
| r-release-macos-x86_64 | 1.3 | 8.00 | 53.00 | 61.00 | OK | |
| r-release-windows-x86_64 | 1.3 | 15.00 | 68.00 | 83.00 | OK | |
| r-oldrel-macos-arm64 | 1.3 | 6.00 | 23.00 | 29.00 | OK | |
| r-oldrel-macos-x86_64 | 1.3 | 10.00 | 36.00 | 46.00 | OK | |
| r-oldrel-windows-x86_64 | 1.3 | 13.00 | 75.00 | 88.00 | OK | 
Version: 1.3
Check: CRAN incoming feasibility
Result: NOTE
  Maintainer: ‘Daniel Greene <dg333@cam.ac.uk>’
  
  No Authors@R field in DESCRIPTION.
  Please add one, modifying
    Authors@R: person(given = "Daniel",
                      family = "Greene",
                      role = c("aut", "cre"),
                      email = "dg333@cam.ac.uk")
  as necessary.
Flavors: r-devel-linux-x86_64-debian-clang, r-devel-linux-x86_64-debian-gcc