Last updated on 2024-07-22 01:49:25 CEST.
Flavor | Version | Tinstall | Tcheck | Ttotal | Status | Flags |
---|---|---|---|---|---|---|
r-devel-linux-x86_64-debian-clang | 1.1.9 | 21.49 | 52.48 | 73.97 | NOTE | |
r-devel-linux-x86_64-debian-gcc | 1.1.9 | 13.71 | 39.54 | 53.25 | NOTE | |
r-devel-linux-x86_64-fedora-clang | 1.1.9 | 105.20 | NOTE | |||
r-devel-linux-x86_64-fedora-gcc | 1.1.9 | 102.17 | NOTE | |||
r-devel-windows-x86_64 | 1.1.9 | 20.00 | 84.00 | 104.00 | OK | |
r-patched-linux-x86_64 | 1.1.9 | 21.59 | 52.03 | 73.62 | NOTE | |
r-release-linux-x86_64 | 1.1.9 | 16.08 | 51.33 | 67.41 | NOTE | |
r-release-macos-arm64 | 1.1.9 | 34.00 | OK | |||
r-release-macos-x86_64 | 1.1.9 | 44.00 | OK | |||
r-release-windows-x86_64 | 1.1.9 | 23.00 | 82.00 | 105.00 | OK | |
r-oldrel-macos-arm64 | 1.1.9 | 38.00 | OK | |||
r-oldrel-macos-x86_64 | 1.1.9 | 46.00 | OK | |||
r-oldrel-windows-x86_64 | 1.1.9 | 27.00 | 95.00 | 122.00 | OK |
Version: 1.1.9
Check: for non-standard things in the check directory
Result: NOTE
Found the following files/directories:
‘Error_Estimation_Response_1.tiff’ ‘Error_Estimation_Response_2.tiff’
‘Error_Estimation_Response_3.tiff’
Flavors: r-devel-linux-x86_64-debian-clang, r-devel-linux-x86_64-debian-gcc, r-devel-linux-x86_64-fedora-clang, r-devel-linux-x86_64-fedora-gcc, r-patched-linux-x86_64, r-release-linux-x86_64