Last updated on 2024-06-05 01:47:52 CEST.
Flavor | Version | Tinstall | Tcheck | Ttotal | Status | Flags |
---|---|---|---|---|---|---|
r-devel-linux-x86_64-debian-clang | 0.3.6 | 14.02 | 686.98 | 701.00 | OK | |
r-devel-linux-x86_64-debian-gcc | 0.3.6 | 9.77 | 480.50 | 490.27 | OK | |
r-devel-linux-x86_64-fedora-clang | 0.3.6 | 841.75 | OK | |||
r-devel-linux-x86_64-fedora-gcc | 0.3.6 | 810.79 | OK | |||
r-devel-windows-x86_64 | 0.3.6 | 10.00 | 247.00 | 257.00 | OK | --no-vignettes |
r-patched-linux-x86_64 | 0.3.6 | 12.76 | 654.34 | 667.10 | WARN | |
r-release-linux-x86_64 | 0.3.6 | 7.89 | 662.45 | 670.34 | OK | |
r-release-macos-arm64 | 0.3.6 | 188.00 | OK | |||
r-release-windows-x86_64 | 0.3.6 | 10.00 | 229.00 | 239.00 | OK | --no-vignettes |
r-oldrel-macos-arm64 | 0.3.6 | 194.00 | OK | |||
r-oldrel-macos-x86_64 | 0.3.6 | 434.00 | OK | |||
r-oldrel-windows-x86_64 | 0.3.6 | 13.00 | 301.00 | 314.00 | OK | --no-vignettes |
Version: 0.3.6
Check: re-building of vignette outputs
Result: WARN
Error(s) in re-building vignettes:
...
--- re-building ‘gamma_imputation_Jackson_2014.Rnw’ using knitr
Error: processing vignette 'gamma_imputation_Jackson_2014.Rnw' failed with diagnostics:
Running 'texi2dvi' on 'gamma_imputation_Jackson_2014.tex' failed.
LaTeX errors:
! Undefined control sequence.
l.124 \hlkwd{library}\hldef
{(InformativeCensoring)}
?
! Emergency stop.
! Emergency stop.
l.124
End of file on the terminal!
! ==> Fatal error occurred, no output PDF file produced!
--- failed re-building ‘gamma_imputation_Jackson_2014.Rnw’
--- re-building ‘risk_score_imputation_Hsu_2009.Rnw’ using knitr
Error: processing vignette 'risk_score_imputation_Hsu_2009.Rnw' failed with diagnostics:
Running 'texi2dvi' on 'risk_score_imputation_Hsu_2009.tex' failed.
LaTeX errors:
! Undefined control sequence.
l.142 \hlkwd{library}\hldef
{(InformativeCensoring)}
?
! Emergency stop.
! Emergency stop.
l.142
End of file on the terminal!
! ==> Fatal error occurred, no output PDF file produced!
--- failed re-building ‘risk_score_imputation_Hsu_2009.Rnw’
SUMMARY: processing the following files failed:
‘gamma_imputation_Jackson_2014.Rnw’
‘risk_score_imputation_Hsu_2009.Rnw’
Error: Vignette re-building failed.
Execution halted
Flavor: r-patched-linux-x86_64