Last updated on 2025-10-31 00:51:06 CET.
| Flavor | Version | Tinstall | Tcheck | Ttotal | Status | Flags | 
|---|---|---|---|---|---|---|
| r-devel-linux-x86_64-debian-clang | 0.1-3 | 16.41 | 135.81 | 152.22 | NOTE | |
| r-devel-linux-x86_64-debian-gcc | 0.1-3 | 12.62 | 92.45 | 105.07 | NOTE | |
| r-devel-linux-x86_64-fedora-clang | 0.1-3 | 76.00 | 180.90 | 256.90 | NOTE | |
| r-devel-linux-x86_64-fedora-gcc | 0.1-3 | 39.00 | 181.46 | 220.46 | NOTE | |
| r-devel-windows-x86_64 | 0.1-3 | 18.00 | 122.00 | 140.00 | NOTE | |
| r-patched-linux-x86_64 | 0.1-3 | 15.87 | 129.45 | 145.32 | NOTE | |
| r-release-linux-x86_64 | 0.1-3 | 16.93 | 131.60 | 148.53 | NOTE | |
| r-release-macos-arm64 | 0.1-3 | 9.00 | 53.00 | 62.00 | NOTE | |
| r-release-macos-x86_64 | 0.1-3 | 21.00 | 120.00 | 141.00 | NOTE | |
| r-release-windows-x86_64 | 0.1-3 | 18.00 | 122.00 | 140.00 | NOTE | |
| r-oldrel-macos-arm64 | 0.1-3 | 8.00 | 49.00 | 57.00 | NOTE | |
| r-oldrel-macos-x86_64 | 0.1-3 | 12.00 | 82.00 | 94.00 | NOTE | |
| r-oldrel-windows-x86_64 | 0.1-3 | 23.00 | 159.00 | 182.00 | NOTE | 
Version: 0.1-3
Check: CRAN incoming feasibility
Result: NOTE
  Maintainer: ‘Simon Trimborn <trimborn.econometrics@gmail.com>’
  
  No Authors@R field in DESCRIPTION.
  Please add one, modifying
    Authors@R: person(given = "Simon",
                      family = "Trimborn",
                      role = c("aut", "cre"),
                      email = "trimborn.econometrics@gmail.com")
  as necessary.
  
  Found the following URLs which should use \doi (with the DOI name only):
    File ‘IndexComp.Rd’:
      https://doi.org/10.1016/j.jempfin.2018.08.004
    File ‘IndexMemberSelection.Rd’:
      https://doi.org/10.1016/j.jempfin.2018.08.004
    File ‘IndexMembersUpdate.Rd’:
      https://doi.org/10.1016/j.jempfin.2018.08.004
    File ‘IndexUpdate.Rd’:
      https://doi.org/10.1016/j.jempfin.2018.08.004
    File ‘RelativeWeights.Rd’:
      https://doi.org/10.1016/j.jempfin.2018.08.004
    File ‘SwitchDates.Rd’:
      https://doi.org/10.1016/j.jempfin.2018.08.004
Flavors: r-devel-linux-x86_64-debian-clang, r-devel-linux-x86_64-debian-gcc
Version: 0.1-3
Check: Rd files
Result: NOTE
  checkRd: (-1) IndexComp.Rd:69: Lost braces in \itemize; \value handles \item{}{} directly
  checkRd: (-1) IndexComp.Rd:70: Lost braces in \itemize; \value handles \item{}{} directly
  checkRd: (-1) IndexComp.Rd:71: Lost braces in \itemize; \value handles \item{}{} directly
  checkRd: (-1) IndexComp.Rd:72: Lost braces in \itemize; \value handles \item{}{} directly
  checkRd: (-1) IndexComp.Rd:73: Lost braces in \itemize; \value handles \item{}{} directly
  checkRd: (-1) IndexComp.Rd:74: Lost braces in \itemize; \value handles \item{}{} directly
  checkRd: (-1) IndexComp.Rd:78: Lost braces in \itemize; \value handles \item{}{} directly
  checkRd: (-1) IndexComp.Rd:79: Lost braces in \itemize; \value handles \item{}{} directly
  checkRd: (-1) IndexComp.Rd:80: Lost braces in \itemize; \value handles \item{}{} directly
  checkRd: (-1) IndexComp.Rd:81: Lost braces in \itemize; \value handles \item{}{} directly
Flavors: r-devel-linux-x86_64-debian-clang, r-devel-linux-x86_64-debian-gcc, r-devel-linux-x86_64-fedora-clang, r-devel-linux-x86_64-fedora-gcc, r-devel-windows-x86_64, r-patched-linux-x86_64, r-release-linux-x86_64, r-release-macos-arm64, r-release-macos-x86_64, r-release-windows-x86_64, r-oldrel-macos-arm64, r-oldrel-macos-x86_64, r-oldrel-windows-x86_64