Last updated on 2025-10-31 00:51:06 CET.
| Flavor | Version | Tinstall | Tcheck | Ttotal | Status | Flags | 
|---|---|---|---|---|---|---|
| r-devel-linux-x86_64-debian-clang | 1.1 | 1.97 | 23.65 | 25.62 | NOTE | |
| r-devel-linux-x86_64-debian-gcc | 1.1 | 1.53 | 19.97 | 21.50 | NOTE | |
| r-devel-linux-x86_64-fedora-clang | 1.1 | 40.99 | OK | |||
| r-devel-linux-x86_64-fedora-gcc | 1.1 | 50.59 | OK | |||
| r-devel-windows-x86_64 | 1.1 | 3.00 | 43.00 | 46.00 | OK | |
| r-patched-linux-x86_64 | 1.1 | 1.57 | 22.54 | 24.11 | OK | |
| r-release-linux-x86_64 | 1.1 | 1.86 | 22.59 | 24.45 | OK | |
| r-release-macos-arm64 | 1.1 | 1.00 | 21.00 | 22.00 | OK | |
| r-release-macos-x86_64 | 1.1 | 2.00 | 38.00 | 40.00 | OK | |
| r-release-windows-x86_64 | 1.1 | 4.00 | 44.00 | 48.00 | OK | |
| r-oldrel-macos-arm64 | 1.1 | 1.00 | 20.00 | 21.00 | OK | |
| r-oldrel-macos-x86_64 | 1.1 | 2.00 | 29.00 | 31.00 | OK | |
| r-oldrel-windows-x86_64 | 1.1 | 3.00 | 49.00 | 52.00 | OK | 
Version: 1.1
Check: CRAN incoming feasibility
Result: NOTE
  Maintainer: ‘Niklas Hohmann <Niklas.Hohmann@fau.de>’
  
  No Authors@R field in DESCRIPTION.
  Please add one, modifying
    Authors@R: person(given = "Niklas",
                      family = "Hohmann",
                      role = c("aut", "cre"),
                      email = "niklas.hohmann@fau.de")
  as necessary.
  
  The Description field contains
    (2019) <arXiv:1901.10754>.
  Please refer to arXiv e-prints via their arXiv DOI <doi:10.48550/arXiv.YYMM.NNNNN>.
Flavors: r-devel-linux-x86_64-debian-clang, r-devel-linux-x86_64-debian-gcc