Last updated on 2025-10-31 00:51:06 CET.
| Flavor | Version | Tinstall | Tcheck | Ttotal | Status | Flags | 
|---|---|---|---|---|---|---|
| r-devel-linux-x86_64-debian-clang | 1.0.1 | 2.07 | 26.17 | 28.24 | NOTE | |
| r-devel-linux-x86_64-debian-gcc | 1.0.1 | 1.87 | 20.47 | 22.34 | NOTE | |
| r-devel-linux-x86_64-fedora-clang | 1.0.1 | 12.00 | 32.72 | 44.72 | OK | |
| r-devel-linux-x86_64-fedora-gcc | 1.0.1 | 39.46 | OK | |||
| r-devel-windows-x86_64 | 1.0.1 | 3.00 | 44.00 | 47.00 | OK | |
| r-patched-linux-x86_64 | 1.0.1 | 2.34 | 24.54 | 26.88 | OK | |
| r-release-linux-x86_64 | 1.0.1 | 2.52 | 24.59 | 27.11 | OK | |
| r-release-macos-arm64 | 1.0.1 | 1.00 | 18.00 | 19.00 | OK | |
| r-release-macos-x86_64 | 1.0.1 | 2.00 | 25.00 | 27.00 | OK | |
| r-release-windows-x86_64 | 1.0.1 | 4.00 | 49.00 | 53.00 | OK | |
| r-oldrel-macos-arm64 | 1.0.1 | 1.00 | 15.00 | 16.00 | OK | |
| r-oldrel-macos-x86_64 | 1.0.1 | 2.00 | 22.00 | 24.00 | OK | |
| r-oldrel-windows-x86_64 | 1.0.1 | 4.00 | 52.00 | 56.00 | OK | 
Version: 1.0.1
Check: CRAN incoming feasibility
Result: NOTE
  Maintainer: ‘Lianming Wang <wangl@stat.sc.edu>’
  
  No Authors@R field in DESCRIPTION.
  Please add one, modifying
    Authors@R: c(person(given = c("Christopher", "S."),
                        family = "McMahan",
                        role = "aut"),
                 person(given = "Lianming",
                        family = "Wang",
                        role = c("aut", "cre"),
                        email = "wangl@stat.sc.edu"))
  as necessary.
Flavors: r-devel-linux-x86_64-debian-clang, r-devel-linux-x86_64-debian-gcc